Last updated on 2024-08-17 05:49:20 CEST.
Flavor | Version | Tinstall | Tcheck | Ttotal | Status | Flags |
---|---|---|---|---|---|---|
r-devel-linux-x86_64-debian-clang | 3.1.1 | 18.09 | 137.12 | 155.21 | NOTE | |
r-devel-linux-x86_64-debian-gcc | 3.1.1 | 11.30 | 90.77 | 102.07 | NOTE | |
r-devel-linux-x86_64-fedora-clang | 3.1.1 | 245.68 | OK | |||
r-devel-linux-x86_64-fedora-gcc | 3.1.1 | 226.27 | OK | |||
r-devel-windows-x86_64 | 3.1.1 | 17.00 | 129.00 | 146.00 | NOTE | |
r-patched-linux-x86_64 | 3.1.1 | 18.55 | 125.30 | 143.85 | OK | |
r-release-linux-x86_64 | 3.1.1 | 15.99 | 127.53 | 143.52 | OK | |
r-release-macos-arm64 | 3.1.1 | 54.00 | OK | |||
r-release-macos-x86_64 | 3.1.1 | 97.00 | OK | |||
r-release-windows-x86_64 | 3.1.1 | 17.00 | 127.00 | 144.00 | OK | |
r-oldrel-macos-arm64 | 3.1.1 | 62.00 | OK | |||
r-oldrel-macos-x86_64 | 3.1.1 | 106.00 | OK | |||
r-oldrel-windows-x86_64 | 3.1.1 | 23.00 | 166.00 | 189.00 | OK |
Version: 3.1.1
Check: Rd cross-references
Result: NOTE
Found the following Rd file(s) with Rd \link{} targets missing package
anchors:
coef.ecpc.Rd: Surv
cv.ecpc.Rd: Surv
ecpc.Rd: Surv
postSelect.Rd: Surv
predict.ecpc.Rd: Surv
Please provide package anchors for all Rd \link{} targets not in the
package itself and the base packages.
Flavors: r-devel-linux-x86_64-debian-clang, r-devel-linux-x86_64-debian-gcc, r-devel-windows-x86_64