Last updated on 2024-08-18 04:48:10 CEST.
Flavor | Version | Tinstall | Tcheck | Ttotal | Status | Flags |
---|---|---|---|---|---|---|
r-devel-linux-x86_64-debian-clang | 0.1.1 | 12.45 | 36.76 | 49.21 | NOTE | |
r-devel-linux-x86_64-debian-gcc | 0.1.1 | 9.53 | 26.72 | 36.25 | NOTE | |
r-devel-linux-x86_64-fedora-clang | 0.1.1 | 84.71 | NOTE | |||
r-devel-linux-x86_64-fedora-gcc | 0.1.1 | 80.93 | NOTE | |||
r-devel-windows-x86_64 | 0.1.1 | 15.00 | 71.00 | 86.00 | NOTE | |
r-patched-linux-x86_64 | 0.1.1 | 12.36 | 35.17 | 47.53 | OK | |
r-release-linux-x86_64 | 0.1.1 | 12.95 | 34.98 | 47.93 | OK | |
r-release-macos-arm64 | 0.1.1 | 26.00 | OK | |||
r-release-macos-x86_64 | 0.1.1 | 38.00 | OK | |||
r-release-windows-x86_64 | 0.1.1 | 16.00 | 67.00 | 83.00 | OK | |
r-oldrel-macos-arm64 | 0.1.1 | 34.00 | OK | |||
r-oldrel-macos-x86_64 | 0.1.1 | 71.00 | OK | |||
r-oldrel-windows-x86_64 | 0.1.1 | 17.00 | 86.00 | 103.00 | OK |
Version: 0.1.1
Check: Rd cross-references
Result: NOTE
Found the following Rd file(s) with Rd \link{} targets missing package
anchors:
glenan.Rd: envelope
glomel.Rd: envelope
Please provide package anchors for all Rd \link{} targets not in the
package itself and the base packages.
Flavors: r-devel-linux-x86_64-debian-clang, r-devel-linux-x86_64-debian-gcc, r-devel-windows-x86_64
Version: 0.1.1
Check: data for non-ASCII characters
Result: NOTE
Note: found 42 marked UTF-8 strings
Flavors: r-devel-linux-x86_64-fedora-clang, r-devel-linux-x86_64-fedora-gcc