CRAN Package Check Results for Package ecolottery

Last updated on 2025-02-10 03:49:16 CET.

Flavor Version Tinstall Tcheck Ttotal Status Flags
r-devel-linux-x86_64-debian-clang 1.0.0 9.19 222.72 231.91 NOTE
r-devel-linux-x86_64-debian-gcc 1.0.0 7.49 147.34 154.83 NOTE
r-devel-linux-x86_64-fedora-clang 1.0.0 388.27 OK
r-devel-linux-x86_64-fedora-gcc 1.0.0 362.10 OK
r-devel-windows-x86_64 1.0.0 13.00 210.00 223.00 NOTE
r-patched-linux-x86_64 1.0.0 14.53 199.11 213.64 OK
r-release-linux-x86_64 1.0.0 10.36 191.94 202.30 OK
r-release-macos-arm64 1.0.0 98.00 OK
r-release-macos-x86_64 1.0.0 169.00 OK
r-release-windows-x86_64 1.0.0 12.00 214.00 226.00 OK
r-oldrel-macos-arm64 1.0.0 120.00 OK
r-oldrel-macos-x86_64 1.0.0 181.00 NOTE
r-oldrel-windows-x86_64 1.0.0 15.00 264.00 279.00 OK

Check Details

Version: 1.0.0
Check: Rd cross-references
Result: NOTE Found the following Rd file(s) with Rd \link{} targets missing package anchors: coalesc_abc.Rd: abc plot_comm.Rd: ggplot2-package Please provide package anchors for all Rd \link{} targets not in the package itself and the base packages. Flavors: r-devel-linux-x86_64-debian-clang, r-devel-linux-x86_64-debian-gcc, r-devel-windows-x86_64

Version: 1.0.0
Check: package dependencies
Result: NOTE Package suggested but not available for checking: ‘untb’ Flavor: r-oldrel-macos-x86_64