Last updated on 2024-08-17 05:49:20 CEST.
Flavor | Version | Tinstall | Tcheck | Ttotal | Status | Flags |
---|---|---|---|---|---|---|
r-devel-linux-x86_64-debian-clang | 0.1.0 | 6.20 | 130.68 | 136.88 | OK | |
r-devel-linux-x86_64-debian-gcc | 0.1.0 | 4.17 | 94.99 | 99.16 | OK | |
r-devel-linux-x86_64-fedora-clang | 0.1.0 | 252.12 | NOTE | |||
r-devel-linux-x86_64-fedora-gcc | 0.1.0 | 260.76 | NOTE | |||
r-devel-windows-x86_64 | 0.1.0 | 8.00 | 181.00 | 189.00 | OK | |
r-patched-linux-x86_64 | 0.1.0 | 7.02 | 128.12 | 135.14 | OK | |
r-release-linux-x86_64 | 0.1.0 | 6.18 | 130.25 | 136.43 | OK | |
r-release-macos-arm64 | 0.1.0 | 81.00 | OK | |||
r-release-macos-x86_64 | 0.1.0 | 128.00 | OK | |||
r-release-windows-x86_64 | 0.1.0 | 8.00 | 174.00 | 182.00 | OK | |
r-oldrel-macos-arm64 | 0.1.0 | 86.00 | OK | |||
r-oldrel-macos-x86_64 | 0.1.0 | 153.00 | OK | |||
r-oldrel-windows-x86_64 | 0.1.0 | 10.00 | 234.00 | 244.00 | OK |
Version: 0.1.0
Check: dependencies in R code
Result: NOTE
Namespace in Imports field not imported from: ‘pander’
All declared Imports should be used.
Flavors: r-devel-linux-x86_64-fedora-clang, r-devel-linux-x86_64-fedora-gcc