Last updated on 2024-08-17 05:49:20 CEST.
Flavor | Version | Tinstall | Tcheck | Ttotal | Status | Flags |
---|---|---|---|---|---|---|
r-devel-linux-x86_64-debian-clang | 1.0.11 | 22.67 | 222.84 | 245.51 | NOTE | |
r-devel-linux-x86_64-debian-gcc | 1.0.11 | 16.60 | 167.58 | 184.18 | NOTE | |
r-devel-linux-x86_64-fedora-clang | 1.0.11 | 398.84 | OK | |||
r-devel-linux-x86_64-fedora-gcc | 1.0.11 | 409.62 | OK | |||
r-devel-windows-x86_64 | 1.0.11 | 27.00 | 246.00 | 273.00 | NOTE | |
r-patched-linux-x86_64 | 1.0.11 | 24.96 | 214.29 | 239.25 | OK | |
r-release-linux-x86_64 | 1.0.11 | 22.02 | 216.69 | 238.71 | OK | |
r-release-macos-arm64 | 1.0.11 | 79.00 | OK | |||
r-release-macos-x86_64 | 1.0.11 | 198.00 | OK | |||
r-release-windows-x86_64 | 1.0.11 | 27.00 | 242.00 | 269.00 | OK | |
r-oldrel-macos-arm64 | 1.0.11 | 87.00 | OK | |||
r-oldrel-macos-x86_64 | 1.0.11 | 151.00 | OK | |||
r-oldrel-windows-x86_64 | 1.0.11 | 33.00 | 328.00 | 361.00 | OK |
Version: 1.0.11
Check: Rd cross-references
Result: NOTE
Found the following Rd file(s) with Rd \link{} targets missing package
anchors:
mapdf.Rd: map
Please provide package anchors for all Rd \link{} targets not in the
package itself and the base packages.
Flavors: r-devel-linux-x86_64-debian-clang, r-devel-linux-x86_64-debian-gcc, r-devel-windows-x86_64