Last updated on 2024-08-18 04:48:10 CEST.
Flavor | Version | Tinstall | Tcheck | Ttotal | Status | Flags |
---|---|---|---|---|---|---|
r-devel-linux-x86_64-debian-clang | 1.0.5 | 21.13 | 202.14 | 223.27 | NOTE | |
r-devel-linux-x86_64-debian-gcc | 1.0.5 | 13.27 | 136.85 | 150.12 | NOTE | |
r-devel-linux-x86_64-fedora-clang | 1.0.5 | 372.37 | NOTE | |||
r-devel-linux-x86_64-fedora-gcc | 1.0.5 | 373.11 | NOTE | |||
r-devel-windows-x86_64 | 1.0.5 | 21.00 | 191.00 | 212.00 | NOTE | |
r-patched-linux-x86_64 | 1.0.5 | 18.65 | 185.18 | 203.83 | NOTE | |
r-release-linux-x86_64 | 1.0.5 | 19.93 | 187.20 | 207.13 | NOTE | |
r-release-macos-arm64 | 1.0.5 | 97.00 | NOTE | |||
r-release-macos-x86_64 | 1.0.5 | 152.00 | NOTE | |||
r-release-windows-x86_64 | 1.0.5 | 20.00 | 193.00 | 213.00 | NOTE | |
r-oldrel-macos-arm64 | 1.0.5 | 110.00 | OK | |||
r-oldrel-macos-x86_64 | 1.0.5 | 181.00 | OK | |||
r-oldrel-windows-x86_64 | 1.0.5 | 28.00 | 251.00 | 279.00 | OK |
Version: 1.0.5
Check: Rd files
Result: NOTE
checkRd: (-1) generate_kinetics.Rd:57: Lost braces; missing escapes or markup?
57 | By default, sampled from {-1, 1} with probabilities {.25, .75}.
| ^
checkRd: (-1) generate_kinetics.Rd:57: Lost braces; missing escapes or markup?
57 | By default, sampled from {-1, 1} with probabilities {.25, .75}.
| ^
Flavors: r-devel-linux-x86_64-debian-clang, r-devel-linux-x86_64-debian-gcc, r-devel-linux-x86_64-fedora-clang, r-devel-linux-x86_64-fedora-gcc, r-devel-windows-x86_64, r-patched-linux-x86_64, r-release-linux-x86_64, r-release-macos-arm64, r-release-macos-x86_64, r-release-windows-x86_64