Last updated on 2024-07-18 04:50:13 CEST.
Flavor | Version | Tinstall | Tcheck | Ttotal | Status | Flags |
---|---|---|---|---|---|---|
r-devel-linux-x86_64-debian-clang | 1.1.4 | 27.11 | 370.99 | 398.10 | NOTE | |
r-devel-linux-x86_64-debian-gcc | 1.1.4 | 21.38 | 267.25 | 288.63 | NOTE | |
r-devel-linux-x86_64-fedora-clang | 1.1.4 | 518.41 | NOTE | |||
r-devel-linux-x86_64-fedora-gcc | 1.1.4 | 473.38 | NOTE | |||
r-devel-windows-x86_64 | 1.1.4 | 31.00 | 296.00 | 327.00 | NOTE | |
r-patched-linux-x86_64 | 1.1.4 | 28.48 | 355.91 | 384.39 | OK | |
r-release-linux-x86_64 | 1.1.4 | 27.65 | 353.17 | 380.82 | OK | |
r-release-macos-arm64 | 1.1.4 | 137.00 | OK | |||
r-release-macos-x86_64 | 1.1.4 | 232.00 | OK | |||
r-release-windows-x86_64 | 1.1.4 | 33.00 | 292.00 | 325.00 | OK | |
r-oldrel-macos-arm64 | 1.1.4 | 136.00 | OK | |||
r-oldrel-macos-x86_64 | 1.1.4 | 480.00 | OK | |||
r-oldrel-windows-x86_64 | 1.1.4 | 1.00 | 8.00 | 9.00 | ERROR |
Version: 1.1.4
Check: compiled code
Result: NOTE
File ‘dplyr/libs/dplyr.so’:
Found non-API calls to R: ‘LEVELS’, ‘PRVALUE’,
‘R_shallow_duplicate_attr’, ‘SET_PRCODE’, ‘SET_PRENV’,
‘SET_PRVALUE’
Compiled code should not call non-API entry points in R.
See ‘Writing portable packages’ in the ‘Writing R Extensions’ manual,
and section ‘Moving into C API compliance’ for issues with the use of
non-API entry points.
Flavors: r-devel-linux-x86_64-debian-clang, r-devel-linux-x86_64-debian-gcc, r-devel-linux-x86_64-fedora-clang, r-devel-linux-x86_64-fedora-gcc
Version: 1.1.4
Check: data for non-ASCII characters
Result: NOTE
Note: found 4 marked UTF-8 strings
Flavors: r-devel-linux-x86_64-fedora-clang, r-devel-linux-x86_64-fedora-gcc
Version: 1.1.4
Check: compiled code
Result: NOTE
File 'dplyr/libs/x64/dplyr.dll':
Found non-API calls to R: 'LEVELS', 'PRVALUE',
'R_shallow_duplicate_attr', 'SET_PRCODE', 'SET_PRENV',
'SET_PRVALUE'
Compiled code should not call non-API entry points in R.
See 'Writing portable packages' in the 'Writing R Extensions' manual,
and section 'Moving into C API compliance' for issues with the use of
non-API entry points.
Flavor: r-devel-windows-x86_64
Version: 1.1.4
Check: whether package can be installed
Result: ERROR
Installation failed.
Flavor: r-oldrel-windows-x86_64