Last updated on 2024-08-17 05:49:20 CEST.
Flavor | Version | Tinstall | Tcheck | Ttotal | Status | Flags |
---|---|---|---|---|---|---|
r-devel-linux-x86_64-debian-clang | 0.0.1 | 5.67 | 49.33 | 55.00 | OK | |
r-devel-linux-x86_64-debian-gcc | 0.0.1 | 3.95 | 35.65 | 39.60 | OK | |
r-devel-linux-x86_64-fedora-clang | 0.0.1 | 87.83 | NOTE | |||
r-devel-linux-x86_64-fedora-gcc | 0.0.1 | 79.97 | NOTE | |||
r-devel-windows-x86_64 | 0.0.1 | 6.00 | 65.00 | 71.00 | OK | |
r-patched-linux-x86_64 | 0.0.1 | 4.66 | 45.44 | 50.10 | OK | |
r-release-linux-x86_64 | 0.0.1 | 4.89 | 46.49 | 51.38 | OK | |
r-release-macos-arm64 | 0.0.1 | 29.00 | OK | |||
r-release-macos-x86_64 | 0.0.1 | 42.00 | OK | |||
r-release-windows-x86_64 | 0.0.1 | 8.00 | 65.00 | 73.00 | OK | |
r-oldrel-macos-arm64 | 0.0.1 | 32.00 | OK | |||
r-oldrel-macos-x86_64 | 0.0.1 | 57.00 | OK | |||
r-oldrel-windows-x86_64 | 0.0.1 | 10.00 | 74.00 | 84.00 | OK |
Version: 0.0.1
Check: data for non-ASCII characters
Result: NOTE
Note: found 2 marked UTF-8 strings
Flavors: r-devel-linux-x86_64-fedora-clang, r-devel-linux-x86_64-fedora-gcc