Last updated on 2024-08-17 05:49:20 CEST.
Flavor | Version | Tinstall | Tcheck | Ttotal | Status | Flags |
---|---|---|---|---|---|---|
r-devel-linux-x86_64-debian-clang | 0.0.2 | 4.20 | 90.51 | 94.71 | OK | |
r-devel-linux-x86_64-debian-gcc | 0.0.2 | 3.53 | 61.66 | 65.19 | OK | |
r-devel-linux-x86_64-fedora-clang | 0.0.2 | 159.03 | NOTE | |||
r-devel-linux-x86_64-fedora-gcc | 0.0.2 | 164.70 | NOTE | |||
r-devel-windows-x86_64 | 0.0.2 | 6.00 | 106.00 | 112.00 | OK | |
r-patched-linux-x86_64 | 0.0.2 | 4.54 | 86.07 | 90.61 | OK | |
r-release-linux-x86_64 | 0.0.2 | 3.77 | 85.91 | 89.68 | OK | |
r-release-macos-arm64 | 0.0.2 | 49.00 | OK | |||
r-release-macos-x86_64 | 0.0.2 | 86.00 | OK | |||
r-release-windows-x86_64 | 0.0.2 | 7.00 | 106.00 | 113.00 | OK | |
r-oldrel-macos-arm64 | 0.0.2 | 50.00 | OK | |||
r-oldrel-macos-x86_64 | 0.0.2 | 94.00 | OK | |||
r-oldrel-windows-x86_64 | 0.0.2 | 9.00 | 130.00 | 139.00 | OK |
Version: 0.0.2
Check: data for non-ASCII characters
Result: NOTE
Note: found 2 marked UTF-8 strings
Flavors: r-devel-linux-x86_64-fedora-clang, r-devel-linux-x86_64-fedora-gcc