Last updated on 2024-08-17 05:49:19 CEST.
Flavor | Version | Tinstall | Tcheck | Ttotal | Status | Flags |
---|---|---|---|---|---|---|
r-devel-linux-x86_64-debian-clang | 0.1.3 | 3.06 | 68.79 | 71.85 | NOTE | |
r-devel-linux-x86_64-debian-gcc | 0.1.3 | 2.45 | 46.87 | 49.32 | NOTE | |
r-devel-linux-x86_64-fedora-clang | 0.1.3 | 115.33 | NOTE | |||
r-devel-linux-x86_64-fedora-gcc | 0.1.3 | 121.69 | NOTE | |||
r-devel-windows-x86_64 | 0.1.3 | 5.00 | 95.00 | 100.00 | NOTE | |
r-patched-linux-x86_64 | 0.1.3 | 3.56 | 64.07 | 67.63 | NOTE | |
r-release-linux-x86_64 | 0.1.3 | 3.28 | 64.85 | 68.13 | NOTE | |
r-release-macos-arm64 | 0.1.3 | 42.00 | NOTE | |||
r-release-macos-x86_64 | 0.1.3 | 62.00 | NOTE | |||
r-release-windows-x86_64 | 0.1.3 | 5.00 | 94.00 | 99.00 | NOTE | |
r-oldrel-macos-arm64 | 0.1.3 | 42.00 | NOTE | |||
r-oldrel-macos-x86_64 | 0.1.3 | 69.00 | NOTE | |||
r-oldrel-windows-x86_64 | 0.1.3 | 7.00 | 104.00 | 111.00 | NOTE |
Version: 0.1.3
Check: LazyData
Result: NOTE
'LazyData' is specified without a 'data' directory
Flavors: r-devel-linux-x86_64-debian-clang, r-devel-linux-x86_64-debian-gcc, r-devel-linux-x86_64-fedora-clang, r-devel-linux-x86_64-fedora-gcc, r-devel-windows-x86_64, r-patched-linux-x86_64, r-release-linux-x86_64, r-release-macos-arm64, r-release-macos-x86_64, r-release-windows-x86_64, r-oldrel-macos-arm64, r-oldrel-macos-x86_64, r-oldrel-windows-x86_64