Last updated on 2025-02-10 03:49:16 CET.
Flavor | Version | Tinstall | Tcheck | Ttotal | Status | Flags |
---|---|---|---|---|---|---|
r-devel-linux-x86_64-debian-clang | 0.1.3 | 3.60 | 68.46 | 72.06 | OK | |
r-devel-linux-x86_64-debian-gcc | 0.1.3 | 2.44 | 48.19 | 50.63 | OK | |
r-devel-linux-x86_64-fedora-clang | 0.1.3 | 121.64 | OK | |||
r-devel-linux-x86_64-fedora-gcc | 0.1.3 | 120.61 | OK | |||
r-devel-windows-x86_64 | 0.1.3 | 5.00 | 93.00 | 98.00 | OK | |
r-patched-linux-x86_64 | 0.1.3 | 3.09 | 65.15 | 68.24 | NOTE | |
r-release-linux-x86_64 | 0.1.3 | 2.88 | 64.61 | 67.49 | NOTE | |
r-release-macos-arm64 | 0.1.3 | 42.00 | NOTE | |||
r-release-macos-x86_64 | 0.1.3 | 62.00 | NOTE | |||
r-release-windows-x86_64 | 0.1.3 | 6.00 | 94.00 | 100.00 | NOTE | |
r-oldrel-macos-arm64 | 0.1.3 | 42.00 | NOTE | |||
r-oldrel-macos-x86_64 | 0.1.3 | 69.00 | NOTE | |||
r-oldrel-windows-x86_64 | 0.1.3 | 6.00 | 110.00 | 116.00 | NOTE |
Version: 0.1.3
Check: LazyData
Result: NOTE
'LazyData' is specified without a 'data' directory
Flavors: r-patched-linux-x86_64, r-release-linux-x86_64, r-release-macos-arm64, r-release-macos-x86_64, r-release-windows-x86_64, r-oldrel-macos-arm64, r-oldrel-macos-x86_64, r-oldrel-windows-x86_64