Last updated on 2024-08-17 05:49:19 CEST.
Flavor | Version | Tinstall | Tcheck | Ttotal | Status | Flags |
---|---|---|---|---|---|---|
r-devel-linux-x86_64-debian-clang | 1.0.1 | 5.83 | 122.78 | 128.61 | NOTE | |
r-devel-linux-x86_64-debian-gcc | 1.0.1 | 3.48 | 81.37 | 84.85 | NOTE | |
r-devel-linux-x86_64-fedora-clang | 1.0.1 | 206.23 | OK | |||
r-devel-linux-x86_64-fedora-gcc | 1.0.1 | 191.37 | OK | |||
r-devel-windows-x86_64 | 1.0.1 | 7.00 | 123.00 | 130.00 | NOTE | |
r-patched-linux-x86_64 | 1.0.1 | 11.68 | 116.53 | 128.21 | OK | |
r-release-linux-x86_64 | 1.0.1 | 4.39 | 117.65 | 122.04 | OK | |
r-release-macos-arm64 | 1.0.1 | 67.00 | OK | |||
r-release-macos-x86_64 | 1.0.1 | 86.00 | OK | |||
r-release-windows-x86_64 | 1.0.1 | 8.00 | 122.00 | 130.00 | OK | |
r-oldrel-macos-arm64 | 1.0.1 | 65.00 | OK | |||
r-oldrel-macos-x86_64 | 1.0.1 | 136.00 | OK | |||
r-oldrel-windows-x86_64 | 1.0.1 | 10.00 | 165.00 | 175.00 | OK |
Version: 1.0.1
Check: Rd cross-references
Result: NOTE
Found the following Rd file(s) with Rd \link{} targets missing package
anchors:
freqPlot.Rd: geom_violin
scatterHex.Rd: ggrepel
scatterPlot.Rd: ggrepel
yPlot.Rd: geom_violin
Please provide package anchors for all Rd \link{} targets not in the
package itself and the base packages.
Flavors: r-devel-linux-x86_64-debian-clang, r-devel-linux-x86_64-debian-gcc, r-devel-windows-x86_64