Last updated on 2024-08-18 04:48:10 CEST.
Flavor | Version | Tinstall | Tcheck | Ttotal | Status | Flags |
---|---|---|---|---|---|---|
r-devel-linux-x86_64-debian-clang | 2.9.3 | 31.70 | 201.56 | 233.26 | NOTE | |
r-devel-linux-x86_64-debian-gcc | 2.9.3 | 19.57 | 120.40 | 139.97 | NOTE | |
r-devel-linux-x86_64-fedora-clang | 2.9.3 | 291.83 | NOTE | |||
r-devel-linux-x86_64-fedora-gcc | 2.9.3 | 290.99 | NOTE | |||
r-devel-windows-x86_64 | 2.9.3 | 36.00 | 244.00 | 280.00 | NOTE | |
r-patched-linux-x86_64 | 2.9.3 | 36.65 | 188.58 | 225.23 | OK | |
r-release-linux-x86_64 | 2.9.3 | 32.35 | 188.05 | 220.40 | OK | |
r-release-macos-arm64 | 2.9.3 | 92.00 | OK | |||
r-release-macos-x86_64 | 2.9.3 | 152.00 | WARN | |||
r-release-windows-x86_64 | 2.9.3 | 36.00 | 240.00 | 276.00 | OK | |
r-oldrel-macos-arm64 | 2.9.3 | 95.00 | OK | |||
r-oldrel-macos-x86_64 | 2.9.3 | 292.00 | OK | |||
r-oldrel-windows-x86_64 | 2.9.3 | 37.00 | 301.00 | 338.00 | OK |
Version: 2.9.3
Check: differences from ‘distr-Ex.Rout’ to ‘distr-Ex.Rout.save’
Result: NOTE
2c2
< :startupmsg> Utilities for Start-Up Messages (version 0.9.6.1)
---
> :startupmsg> Utilities for Start-Up Messages (version 0.9.6)
2745d2744
<
2799d2797
<
Flavors: r-devel-linux-x86_64-debian-clang, r-devel-linux-x86_64-debian-gcc, r-devel-linux-x86_64-fedora-clang, r-devel-linux-x86_64-fedora-gcc
Version: 2.9.3
Check: differences from ‘distr-Ex.Rout’ to ‘distr-Ex.Rout.save’
Result: NOTE
2c2
< :startupmsg> Utilities for Start-Up Messages (version 0.9.6.1)
---
> :startupmsg> Utilities for Start-Up Messages (version 0.9.6)
Flavor: r-devel-windows-x86_64
Version: 2.9.3
Check: re-building of vignette outputs
Result: WARN
Error(s) in re-building vignettes:
--- re-building ‘newDistributions-knitr.Rnw’ using knitr
Warning in doTryCatch(return(expr), name, parentenv, handler) :
"panel.first" is not a graphical parameter
Warning in doTryCatch(return(expr), name, parentenv, handler) :
"panel.first" is not a graphical parameter
Error: processing vignette 'newDistributions-knitr.Rnw' failed with diagnostics:
Running 'texi2dvi' on 'newDistributions-knitr.tex' failed.
LaTeX errors:
! Undefined control sequence.
l.233 \hlkwd{require}\hldef
{(distr)}
?
! Emergency stop.
! Emergency stop.
l.233
End of file on the terminal!
! ==> Fatal error occurred, no output PDF file produced!
--- failed re-building ‘newDistributions-knitr.Rnw’
SUMMARY: processing the following file failed:
‘newDistributions-knitr.Rnw’
Error: Vignette re-building failed.
Execution halted
Flavor: r-release-macos-x86_64