Last updated on 2024-08-18 04:48:09 CEST.
Flavor | Version | Tinstall | Tcheck | Ttotal | Status | Flags |
---|---|---|---|---|---|---|
r-devel-linux-x86_64-debian-clang | 3.1.0 | 376.63 | 99.16 | 475.79 | OK | |
r-devel-linux-x86_64-debian-gcc | 3.1.0 | 288.15 | 70.40 | 358.55 | OK | |
r-devel-linux-x86_64-fedora-clang | 3.1.0 | 956.70 | OK | |||
r-devel-linux-x86_64-fedora-gcc | 3.1.0 | 1051.62 | OK | |||
r-devel-windows-x86_64 | 3.1.0 | 447.00 | 144.00 | 591.00 | OK | |
r-patched-linux-x86_64 | 3.1.0 | 419.37 | 89.58 | 508.95 | OK | |
r-release-linux-x86_64 | 3.1.0 | 407.65 | 88.95 | 496.60 | OK | |
r-release-macos-arm64 | 3.1.0 | 173.00 | NOTE | |||
r-release-macos-x86_64 | 3.1.0 | 278.00 | NOTE | |||
r-release-windows-x86_64 | 3.1.0 | 465.00 | 142.00 | 607.00 | OK | |
r-oldrel-macos-arm64 | 3.1.0 | 186.00 | NOTE | |||
r-oldrel-macos-x86_64 | 3.1.0 | 244.00 | NOTE | |||
r-oldrel-windows-x86_64 | 3.1.0 | 537.00 | 172.00 | 709.00 | OK |
Version: 3.1.0
Check: installed package size
Result: NOTE
installed size is 16.9Mb
sub-directories of 1Mb or more:
doc 1.5Mb
libs 15.0Mb
Flavors: r-release-macos-arm64, r-release-macos-x86_64, r-oldrel-macos-arm64, r-oldrel-macos-x86_64