Last updated on 2025-02-10 03:49:16 CET.
Flavor | Version | Tinstall | Tcheck | Ttotal | Status | Flags |
---|---|---|---|---|---|---|
r-devel-linux-x86_64-debian-clang | 1.1.0 | 67.38 | 77.06 | 144.44 | OK | |
r-devel-linux-x86_64-debian-gcc | 1.1.0 | 46.64 | 53.79 | 100.43 | OK | |
r-devel-linux-x86_64-fedora-clang | 1.1.0 | 278.42 | OK | |||
r-devel-linux-x86_64-fedora-gcc | 1.1.0 | 250.51 | OK | |||
r-devel-windows-x86_64 | 1.1.0 | 69.00 | 127.00 | 196.00 | OK | |
r-patched-linux-x86_64 | 1.1.0 | 68.83 | 70.14 | 138.97 | OK | |
r-release-linux-x86_64 | 1.1.0 | 61.93 | 69.71 | 131.64 | OK | |
r-release-macos-arm64 | 1.1.0 | 71.00 | NOTE | |||
r-release-macos-x86_64 | 1.1.0 | 117.00 | NOTE | |||
r-release-windows-x86_64 | 1.1.0 | 68.00 | 125.00 | 193.00 | OK | |
r-oldrel-macos-arm64 | 1.1.0 | 62.00 | NOTE | |||
r-oldrel-macos-x86_64 | 1.1.0 | 101.00 | NOTE | |||
r-oldrel-windows-x86_64 | 1.1.0 | 83.00 | 147.00 | 230.00 | OK |
Version: 1.1.0
Check: installed package size
Result: NOTE
installed size is 5.9Mb
sub-directories of 1Mb or more:
libs 5.1Mb
Flavors: r-release-macos-arm64, r-release-macos-x86_64, r-oldrel-macos-arm64, r-oldrel-macos-x86_64