Last updated on 2024-08-18 04:48:09 CEST.
Flavor | Version | Tinstall | Tcheck | Ttotal | Status | Flags |
---|---|---|---|---|---|---|
r-devel-linux-x86_64-debian-clang | 0.0.1 | 18.90 | 66.37 | 85.27 | NOTE | |
r-devel-linux-x86_64-debian-gcc | 0.0.1 | 12.05 | 47.89 | 59.94 | NOTE | |
r-devel-linux-x86_64-fedora-clang | 0.0.1 | 143.75 | NOTE | |||
r-devel-linux-x86_64-fedora-gcc | 0.0.1 | 129.20 | NOTE | |||
r-devel-windows-x86_64 | 0.0.1 | 21.00 | 92.00 | 113.00 | NOTE | |
r-patched-linux-x86_64 | 0.0.1 | 16.98 | 62.71 | 79.69 | NOTE | |
r-release-linux-x86_64 | 0.0.1 | 18.46 | 61.24 | 79.70 | NOTE | |
r-release-macos-arm64 | 0.0.1 | 39.00 | NOTE | |||
r-release-macos-x86_64 | 0.0.1 | 61.00 | NOTE | |||
r-release-windows-x86_64 | 0.0.1 | 21.00 | 95.00 | 116.00 | NOTE | |
r-oldrel-macos-arm64 | 0.0.1 | 45.00 | NOTE | |||
r-oldrel-macos-x86_64 | 0.0.1 | 71.00 | NOTE | |||
r-oldrel-windows-x86_64 | 0.0.1 | 21.00 | 115.00 | 136.00 | NOTE |
Version: 0.0.1
Check: LazyData
Result: NOTE
'LazyData' is specified without a 'data' directory
Flavors: r-devel-linux-x86_64-debian-clang, r-devel-linux-x86_64-debian-gcc, r-devel-linux-x86_64-fedora-clang, r-devel-linux-x86_64-fedora-gcc, r-devel-windows-x86_64, r-patched-linux-x86_64, r-release-linux-x86_64, r-release-macos-arm64, r-release-macos-x86_64, r-release-windows-x86_64, r-oldrel-macos-arm64, r-oldrel-macos-x86_64, r-oldrel-windows-x86_64