Last updated on 2024-08-17 05:49:19 CEST.
Flavor | Version | Tinstall | Tcheck | Ttotal | Status | Flags |
---|---|---|---|---|---|---|
r-devel-linux-x86_64-debian-clang | 0.1.1 | 5.06 | 94.31 | 99.37 | OK | |
r-devel-linux-x86_64-debian-gcc | 0.1.1 | 3.65 | 66.36 | 70.01 | OK | |
r-devel-linux-x86_64-fedora-clang | 0.1.1 | 161.32 | NOTE | |||
r-devel-linux-x86_64-fedora-gcc | 0.1.1 | 162.10 | NOTE | |||
r-devel-windows-x86_64 | 0.1.1 | 8.00 | 108.00 | 116.00 | OK | |
r-patched-linux-x86_64 | 0.1.1 | 5.55 | 88.25 | 93.80 | OK | |
r-release-linux-x86_64 | 0.1.1 | 4.27 | 88.60 | 92.87 | OK | |
r-release-macos-arm64 | 0.1.1 | 52.00 | OK | |||
r-release-macos-x86_64 | 0.1.1 | 83.00 | OK | |||
r-release-windows-x86_64 | 0.1.1 | 8.00 | 108.00 | 116.00 | OK | |
r-oldrel-macos-arm64 | 0.1.1 | 57.00 | OK | |||
r-oldrel-macos-x86_64 | 0.1.1 | 87.00 | OK | |||
r-oldrel-windows-x86_64 | 0.1.1 | 9.00 | 128.00 | 137.00 | OK |
Version: 0.1.1
Check: data for non-ASCII characters
Result: NOTE
Note: found 53 marked UTF-8 strings
Flavors: r-devel-linux-x86_64-fedora-clang, r-devel-linux-x86_64-fedora-gcc