Last updated on 2025-02-04 05:50:16 CET.
Flavor | Version | Tinstall | Tcheck | Ttotal | Status | Flags |
---|---|---|---|---|---|---|
r-devel-linux-x86_64-debian-clang | 1.3.0 | 13.80 | 202.59 | 216.39 | NOTE | |
r-devel-linux-x86_64-debian-gcc | 1.3.0 | 9.20 | 154.21 | 163.41 | NOTE | |
r-devel-linux-x86_64-fedora-clang | 1.3.0 | 374.10 | OK | |||
r-devel-linux-x86_64-fedora-gcc | 1.3.0 | 379.99 | OK | |||
r-devel-windows-x86_64 | 1.3.0 | 12.00 | 243.00 | 255.00 | NOTE | |
r-patched-linux-x86_64 | 1.3.0 | 18.85 | 197.89 | 216.74 | OK | |
r-release-linux-x86_64 | 1.3.0 | 12.99 | 197.52 | 210.51 | OK | |
r-release-macos-arm64 | 1.3.0 | 160.00 | OK | |||
r-release-macos-x86_64 | 1.3.0 | 226.00 | OK | |||
r-release-windows-x86_64 | 1.3.0 | 12.00 | 285.00 | 297.00 | OK | |
r-oldrel-macos-arm64 | 1.3.0 | 114.00 | OK | |||
r-oldrel-macos-x86_64 | 1.3.0 | 254.00 | OK | |||
r-oldrel-windows-x86_64 | 1.3.0 | 15.00 | 296.00 | 311.00 | OK |
Version: 1.3.0
Check: Rd cross-references
Result: NOTE
Found the following Rd file(s) with Rd \link{} targets missing package
anchors:
dNTD.Rd: plotTensor3D
dNTF.Rd: plotTensor3D
Please provide package anchors for all Rd \link{} targets not in the
package itself and the base packages.
Flavors: r-devel-linux-x86_64-debian-clang, r-devel-linux-x86_64-debian-gcc, r-devel-windows-x86_64