Last updated on 2025-02-10 03:49:15 CET.
Flavor | Version | Tinstall | Tcheck | Ttotal | Status | Flags |
---|---|---|---|---|---|---|
r-devel-linux-x86_64-debian-clang | 0.2.3 | 6.41 | 84.97 | 91.38 | OK | |
r-devel-linux-x86_64-debian-gcc | 0.2.3 | 4.67 | 60.03 | 64.70 | OK | |
r-devel-linux-x86_64-fedora-clang | 0.2.3 | 135.01 | OK | |||
r-devel-linux-x86_64-fedora-gcc | 0.2.3 | 151.83 | OK | |||
r-devel-windows-x86_64 | 0.2.3 | 8.00 | 115.00 | 123.00 | OK | |
r-patched-linux-x86_64 | 0.2.3 | 5.97 | 79.35 | 85.32 | OK | |
r-release-linux-x86_64 | 0.2.3 | 6.50 | 78.57 | 85.07 | OK | |
r-release-macos-arm64 | 0.2.3 | 66.00 | OK | |||
r-release-macos-x86_64 | 0.2.3 | 102.00 | OK | |||
r-release-windows-x86_64 | 0.2.3 | 10.00 | 103.00 | 113.00 | OK | |
r-oldrel-macos-arm64 | 0.2.2 | 73.00 | OK | |||
r-oldrel-macos-x86_64 | 0.2.2 | 120.00 | ERROR | |||
r-oldrel-windows-x86_64 | 0.2.3 | 10.00 | 118.00 | 128.00 | OK |
Version: 0.2.2
Check: tests
Result: ERROR
Running ‘testthat.R’ [5s/7s]
Running the tests in ‘tests/testthat.R’ failed.
Complete output:
> library(testthat)
> library(datacutr)
>
> test_check("datacutr")
[1] "At least 1 patient with missing datacut date."
[1] "At least 1 patient with missing datacut date, all records will be kept."
[1] "At least 1 patient with missing datacut date, all records will be kept."
[ FAIL 4 | WARN 0 | SKIP 0 | PASS 55 ]
══ Failed tests ════════════════════════════════════════════════════════════════
── Error ('test-process_cut.R:180:3'): Test that Correct .Rmd file is ran successfully when read_out = TRUE ──
Error: pandoc version 1.12.3 or higher is required and was not found (see the help page ?rmarkdown::pandoc_available).
Backtrace:
▆
1. └─datacutr::process_cut(...) at test-process_cut.R:180:3
2. └─datacutr::read_out(...)
3. └─rmarkdown::render(...)
4. └─rmarkdown::pandoc_available(required_pandoc, error = TRUE)
5. └─rmarkdown:::stop2(paste(msg, collapse = " "))
── Error ('test-process_cut.R:227:3'): Test that Correct .Rmd file is ran successfully when read_out = TRUE ──
Error: pandoc version 1.12.3 or higher is required and was not found (see the help page ?rmarkdown::pandoc_available).
Backtrace:
▆
1. └─datacutr::process_cut(...) at test-process_cut.R:227:3
2. └─datacutr::read_out(...)
3. └─rmarkdown::render(...)
4. └─rmarkdown::pandoc_available(required_pandoc, error = TRUE)
5. └─rmarkdown:::stop2(paste(msg, collapse = " "))
── Error ('test-read_out.R:81:3'): Correct .Rmd file is run successfully when fields contain correct data inputs ──
Error: pandoc version 1.12.3 or higher is required and was not found (see the help page ?rmarkdown::pandoc_available).
Backtrace:
▆
1. └─datacutr::read_out(...) at test-read_out.R:81:3
2. └─rmarkdown::render(...)
3. └─rmarkdown::pandoc_available(required_pandoc, error = TRUE)
4. └─rmarkdown:::stop2(paste(msg, collapse = " "))
── Error ('test-read_out.R:99:3'): Correct .Rmd file is ran successfully when fields are empty ──
Error: pandoc version 1.12.3 or higher is required and was not found (see the help page ?rmarkdown::pandoc_available).
Backtrace:
▆
1. └─datacutr::read_out(out_path = temp_dir) at test-read_out.R:99:3
2. └─rmarkdown::render(...)
3. └─rmarkdown::pandoc_available(required_pandoc, error = TRUE)
4. └─rmarkdown:::stop2(paste(msg, collapse = " "))
[ FAIL 4 | WARN 0 | SKIP 0 | PASS 55 ]
Error: Test failures
Execution halted
Flavor: r-oldrel-macos-x86_64