Last updated on 2024-08-17 05:49:19 CEST.
Flavor | Version | Tinstall | Tcheck | Ttotal | Status | Flags |
---|---|---|---|---|---|---|
r-devel-linux-x86_64-debian-clang | 1.0.0 | 0.37 | 1.84 | 2.21 | ERROR | |
r-devel-linux-x86_64-debian-gcc | 1.0.0 | 0.25 | 1.68 | 1.93 | ERROR | |
r-devel-linux-x86_64-fedora-clang | 1.0.0 | 302.15 | OK | |||
r-devel-linux-x86_64-fedora-gcc | 1.0.0 | 275.20 | OK | |||
r-devel-windows-x86_64 | 1.0.0 | 22.00 | 157.00 | 179.00 | OK | |
r-patched-linux-x86_64 | 1.0.0 | 21.55 | 150.72 | 172.27 | OK | |
r-release-linux-x86_64 | 1.0.0 | 19.65 | 150.92 | 170.57 | OK | |
r-release-macos-arm64 | 1.0.0 | 80.00 | OK | |||
r-release-macos-x86_64 | 1.0.0 | 228.00 | OK | |||
r-release-windows-x86_64 | 1.0.0 | 20.00 | 154.00 | 174.00 | OK | |
r-oldrel-macos-arm64 | 1.0.0 | 86.00 | NOTE | |||
r-oldrel-macos-x86_64 | 1.0.0 | 154.00 | OK | |||
r-oldrel-windows-x86_64 | 1.0.0 | 28.00 | 195.00 | 223.00 | OK |
Version: 1.0.0
Check: package dependencies
Result: ERROR
Package required but not available: ‘dartR.base’
See section ‘The DESCRIPTION file’ in the ‘Writing R Extensions’
manual.
Flavors: r-devel-linux-x86_64-debian-clang, r-devel-linux-x86_64-debian-gcc
Version: 1.0.0
Check: package dependencies
Result: NOTE
Package suggested but not available for checking: ‘snpStats’
Flavor: r-oldrel-macos-arm64
Version: 1.0.0
Check: Rd cross-references
Result: NOTE
Package unavailable to check Rd xrefs: ‘snpStats’
Flavor: r-oldrel-macos-arm64