Last updated on 2024-08-17 05:49:19 CEST.
Flavor | Version | Tinstall | Tcheck | Ttotal | Status | Flags |
---|---|---|---|---|---|---|
r-devel-linux-x86_64-debian-clang | 1.0.1 | 5.25 | 58.21 | 63.46 | OK | |
r-devel-linux-x86_64-debian-gcc | 1.0.1 | 5.06 | 43.40 | 48.46 | OK | |
r-devel-linux-x86_64-fedora-clang | 1.0.1 | 105.76 | NOTE | |||
r-devel-linux-x86_64-fedora-gcc | 1.0.1 | 110.24 | NOTE | |||
r-devel-windows-x86_64 | 1.0.1 | 9.00 | 77.00 | 86.00 | OK | |
r-patched-linux-x86_64 | 1.0.1 | 5.77 | 55.29 | 61.06 | OK | |
r-release-linux-x86_64 | 1.0.1 | 5.48 | 55.84 | 61.32 | OK | |
r-release-macos-arm64 | 1.0.1 | 41.00 | OK | |||
r-release-macos-x86_64 | 1.0.1 | 120.00 | OK | |||
r-release-windows-x86_64 | 1.0.1 | 8.00 | 77.00 | 85.00 | OK | |
r-oldrel-macos-arm64 | 1.0.1 | 44.00 | OK | |||
r-oldrel-macos-x86_64 | 1.0.1 | 81.00 | OK | |||
r-oldrel-windows-x86_64 | 1.0.1 | 11.00 | 87.00 | 98.00 | OK |
Version: 1.0.1
Check: data for non-ASCII characters
Result: NOTE
Note: found 2020 marked UTF-8 strings
Flavors: r-devel-linux-x86_64-fedora-clang, r-devel-linux-x86_64-fedora-gcc