Last updated on 2024-08-17 05:49:19 CEST.
Flavor | Version | Tinstall | Tcheck | Ttotal | Status | Flags |
---|---|---|---|---|---|---|
r-devel-linux-x86_64-debian-clang | 0.1.0 | 5.39 | 70.89 | 76.28 | OK | |
r-devel-linux-x86_64-debian-gcc | 0.1.0 | 4.32 | 51.21 | 55.53 | OK | |
r-devel-linux-x86_64-fedora-clang | 0.1.0 | 124.20 | NOTE | |||
r-devel-linux-x86_64-fedora-gcc | 0.1.0 | 113.52 | NOTE | |||
r-devel-windows-x86_64 | 0.1.0 | 7.00 | 88.00 | 95.00 | OK | |
r-patched-linux-x86_64 | 0.1.0 | 5.58 | 67.20 | 72.78 | OK | |
r-release-linux-x86_64 | 0.1.0 | 5.13 | 66.48 | 71.61 | OK | |
r-release-macos-arm64 | 0.1.0 | 41.00 | OK | |||
r-release-macos-x86_64 | 0.1.0 | 64.00 | OK | |||
r-release-windows-x86_64 | 0.1.0 | 10.00 | 87.00 | 97.00 | OK | |
r-oldrel-macos-arm64 | 0.1.0 | 44.00 | OK | |||
r-oldrel-macos-x86_64 | 0.1.0 | 69.00 | OK | |||
r-oldrel-windows-x86_64 | 0.1.0 | 10.00 | 107.00 | 117.00 | OK |
Version: 0.1.0
Check: data for non-ASCII characters
Result: NOTE
Note: found 109157 marked UTF-8 strings
Flavors: r-devel-linux-x86_64-fedora-clang, r-devel-linux-x86_64-fedora-gcc