Last updated on 2025-02-04 05:50:16 CET.
Flavor | Version | Tinstall | Tcheck | Ttotal | Status | Flags |
---|---|---|---|---|---|---|
r-devel-linux-x86_64-debian-clang | 1.0.1 | 5.51 | 44.29 | 49.80 | NOTE | |
r-devel-linux-x86_64-debian-gcc | 1.0.1 | 4.10 | 32.99 | 37.09 | NOTE | |
r-devel-linux-x86_64-fedora-clang | 1.0.1 | 85.04 | OK | |||
r-devel-linux-x86_64-fedora-gcc | 1.0.1 | 72.24 | OK | |||
r-devel-windows-x86_64 | 1.0.1 | 8.00 | 60.00 | 68.00 | NOTE | |
r-patched-linux-x86_64 | 1.0.1 | 9.00 | 39.76 | 48.76 | OK | |
r-release-linux-x86_64 | 1.0.1 | 4.99 | 40.16 | 45.15 | OK | |
r-release-macos-arm64 | 1.0.1 | 24.00 | OK | |||
r-release-macos-x86_64 | 1.0.1 | 37.00 | OK | |||
r-release-windows-x86_64 | 1.0.1 | 8.00 | 62.00 | 70.00 | OK | |
r-oldrel-macos-arm64 | 1.0.1 | 29.00 | OK | |||
r-oldrel-macos-x86_64 | 1.0.1 | 47.00 | OK | |||
r-oldrel-windows-x86_64 | 1.0.1 | 9.00 | 67.00 | 76.00 | OK |
Version: 1.0.1
Check: Rd cross-references
Result: NOTE
Found the following Rd file(s) with Rd \link{} targets missing package
anchors:
CUR.Rd: pcor, spcor
Please provide package anchors for all Rd \link{} targets not in the
package itself and the base packages.
Flavors: r-devel-linux-x86_64-debian-clang, r-devel-linux-x86_64-debian-gcc, r-devel-windows-x86_64