Last updated on 2025-02-04 05:50:16 CET.
Flavor | Version | Tinstall | Tcheck | Ttotal | Status | Flags |
---|---|---|---|---|---|---|
r-devel-linux-x86_64-debian-clang | 1.2.2 | 4.98 | 44.70 | 49.68 | OK | |
r-devel-linux-x86_64-debian-gcc | 1.2.2 | 3.67 | 30.29 | 33.96 | OK | |
r-devel-linux-x86_64-fedora-clang | 1.2.2 | 85.49 | NOTE | |||
r-devel-linux-x86_64-fedora-gcc | 1.2.2 | 79.32 | NOTE | |||
r-devel-windows-x86_64 | 1.2.2 | 8.00 | 67.00 | 75.00 | OK | |
r-patched-linux-x86_64 | 1.2.2 | 5.17 | 41.96 | 47.13 | OK | |
r-release-linux-x86_64 | 1.2.2 | 4.33 | 42.18 | 46.51 | OK | |
r-release-macos-arm64 | 1.2.2 | 28.00 | OK | |||
r-release-macos-x86_64 | 1.2.2 | 37.00 | OK | |||
r-release-windows-x86_64 | 1.2.2 | 7.00 | 66.00 | 73.00 | OK | |
r-oldrel-macos-arm64 | 1.2.2 | 30.00 | OK | |||
r-oldrel-macos-x86_64 | 1.2.2 | 48.00 | OK | |||
r-oldrel-windows-x86_64 | 1.2.2 | 8.00 | 83.00 | 91.00 | OK |
Version: 1.2.2
Check: dependencies in R code
Result: NOTE
Namespace in Imports field not imported from: ‘Rdpack’
All declared Imports should be used.
Flavors: r-devel-linux-x86_64-fedora-clang, r-devel-linux-x86_64-fedora-gcc