Last updated on 2024-08-17 05:49:19 CEST.
Flavor | Version | Tinstall | Tcheck | Ttotal | Status | Flags |
---|---|---|---|---|---|---|
r-devel-linux-x86_64-debian-clang | 0.2.5 | 12.89 | 96.88 | 109.77 | OK | |
r-devel-linux-x86_64-debian-gcc | 0.2.5 | 9.95 | 71.49 | 81.44 | OK | |
r-devel-linux-x86_64-fedora-clang | 0.2.5 | 181.33 | NOTE | |||
r-devel-linux-x86_64-fedora-gcc | 0.2.5 | 174.93 | NOTE | |||
r-devel-windows-x86_64 | 0.2.5 | 14.00 | 103.00 | 117.00 | OK | |
r-patched-linux-x86_64 | 0.2.5 | 13.17 | 88.62 | 101.79 | OK | |
r-release-linux-x86_64 | 0.2.5 | 12.75 | 91.75 | 104.50 | OK | |
r-release-macos-arm64 | 0.2.5 | 59.00 | OK | |||
r-release-macos-x86_64 | 0.2.5 | 102.00 | OK | |||
r-release-windows-x86_64 | 0.2.5 | 14.00 | 102.00 | 116.00 | OK | |
r-oldrel-macos-arm64 | 0.2.5 | 55.00 | OK | |||
r-oldrel-macos-x86_64 | 0.2.5 | 93.00 | OK | |||
r-oldrel-windows-x86_64 | 0.2.5 | 19.00 | 125.00 | 144.00 | OK |
Version: 0.2.5
Check: data for non-ASCII characters
Result: NOTE
Note: found 1350 marked UTF-8 strings
Flavors: r-devel-linux-x86_64-fedora-clang, r-devel-linux-x86_64-fedora-gcc