Last updated on 2024-08-17 05:49:19 CEST.
Flavor | Version | Tinstall | Tcheck | Ttotal | Status | Flags |
---|---|---|---|---|---|---|
r-devel-linux-x86_64-debian-clang | 0.4 | 37.54 | 260.91 | 298.45 | OK | |
r-devel-linux-x86_64-debian-gcc | 0.4 | 25.12 | 169.01 | 194.13 | OK | |
r-devel-linux-x86_64-fedora-clang | 0.4 | 495.53 | NOTE | |||
r-devel-linux-x86_64-fedora-gcc | 0.4 | 445.20 | OK | |||
r-devel-windows-x86_64 | 0.4 | 37.00 | 207.00 | 244.00 | NOTE | |
r-patched-linux-x86_64 | 0.4 | 38.15 | 239.32 | 277.47 | OK | |
r-release-linux-x86_64 | 0.4 | 35.70 | 246.22 | 281.92 | OK | |
r-release-macos-arm64 | 0.4 | 110.00 | NOTE | |||
r-release-macos-x86_64 | 0.4 | 167.00 | NOTE | |||
r-release-windows-x86_64 | 0.4 | 38.00 | 205.00 | 243.00 | NOTE | |
r-oldrel-macos-arm64 | 0.4 | 125.00 | NOTE | |||
r-oldrel-macos-x86_64 | 0.4 | 198.00 | NOTE | |||
r-oldrel-windows-x86_64 | 0.4 | 51.00 | 277.00 | 328.00 | NOTE |
Version: 0.4
Check: installed package size
Result: NOTE
installed size is 5.8Mb
sub-directories of 1Mb or more:
data 5.7Mb
Flavors: r-devel-linux-x86_64-fedora-clang, r-devel-windows-x86_64, r-release-macos-arm64, r-release-macos-x86_64, r-release-windows-x86_64, r-oldrel-macos-arm64, r-oldrel-macos-x86_64, r-oldrel-windows-x86_64