Last updated on 2025-02-04 05:50:16 CET.
Flavor | Version | Tinstall | Tcheck | Ttotal | Status | Flags |
---|---|---|---|---|---|---|
r-devel-linux-x86_64-debian-clang | 0.2.2 | 7.58 | 82.19 | 89.77 | OK | |
r-devel-linux-x86_64-debian-gcc | 0.2.2 | 4.37 | 60.20 | 64.57 | OK | |
r-devel-linux-x86_64-fedora-clang | 0.2.2 | 144.82 | OK | |||
r-devel-linux-x86_64-fedora-gcc | 0.2.2 | 145.99 | OK | |||
r-devel-windows-x86_64 | 0.2.2 | 10.00 | 93.00 | 103.00 | OK | |
r-patched-linux-x86_64 | 0.2.2 | 6.44 | 75.58 | 82.02 | OK | |
r-release-linux-x86_64 | 0.2.2 | 6.93 | 75.71 | 82.64 | OK | |
r-release-macos-arm64 | 0.2.2 | 47.00 | NOTE | |||
r-release-macos-x86_64 | 0.2.2 | 70.00 | NOTE | |||
r-release-windows-x86_64 | 0.2.2 | 10.00 | 92.00 | 102.00 | NOTE | |
r-oldrel-macos-arm64 | 0.2.2 | 46.00 | NOTE | |||
r-oldrel-macos-x86_64 | 0.2.2 | 101.00 | NOTE | |||
r-oldrel-windows-x86_64 | 0.2.2 | 11.00 | 108.00 | 119.00 | NOTE |
Version: 0.2.2
Check: installed package size
Result: NOTE
installed size is 6.5Mb
sub-directories of 1Mb or more:
doc 6.4Mb
Flavors: r-release-macos-arm64, r-release-macos-x86_64, r-release-windows-x86_64, r-oldrel-macos-arm64, r-oldrel-macos-x86_64, r-oldrel-windows-x86_64