Last updated on 2024-08-17 05:49:18 CEST.
Flavor | Version | Tinstall | Tcheck | Ttotal | Status | Flags |
---|---|---|---|---|---|---|
r-devel-linux-x86_64-debian-clang | 1.0.0 | 19.43 | 24.30 | 43.73 | OK | |
r-devel-linux-x86_64-debian-gcc | 1.0.0 | 13.89 | 19.53 | 33.42 | OK | |
r-devel-linux-x86_64-fedora-clang | 1.0.0 | 73.54 | NOTE | |||
r-devel-linux-x86_64-fedora-gcc | 1.0.0 | 84.97 | NOTE | |||
r-devel-windows-x86_64 | 1.0.0 | 22.00 | 48.00 | 70.00 | NOTE | |
r-patched-linux-x86_64 | 1.0.0 | 22.96 | 24.02 | 46.98 | OK | |
r-release-linux-x86_64 | 1.0.0 | 20.95 | 23.61 | 44.56 | OK | |
r-release-macos-arm64 | 1.0.0 | 39.00 | NOTE | |||
r-release-macos-x86_64 | 1.0.0 | 55.00 | NOTE | |||
r-release-windows-x86_64 | 1.0.0 | 23.00 | 48.00 | 71.00 | NOTE | |
r-oldrel-macos-arm64 | 1.0.0 | 42.00 | NOTE | |||
r-oldrel-macos-x86_64 | 1.0.0 | 77.00 | NOTE | |||
r-oldrel-windows-x86_64 | 1.0.0 | 29.00 | 49.00 | 78.00 | NOTE |
Version: 1.0.0
Check: installed package size
Result: NOTE
installed size is 6.0Mb
sub-directories of 1Mb or more:
help 4.7Mb
Flavors: r-devel-linux-x86_64-fedora-clang, r-devel-windows-x86_64, r-release-macos-arm64, r-release-macos-x86_64, r-release-windows-x86_64, r-oldrel-macos-arm64, r-oldrel-macos-x86_64, r-oldrel-windows-x86_64
Version: 1.0.0
Check: dependencies in R code
Result: NOTE
Namespace in Imports field not imported from: ‘usethis’
All declared Imports should be used.
Flavors: r-devel-linux-x86_64-fedora-clang, r-devel-linux-x86_64-fedora-gcc