Last updated on 2025-02-10 03:49:15 CET.
Flavor | Version | Tinstall | Tcheck | Ttotal | Status | Flags |
---|---|---|---|---|---|---|
r-devel-linux-x86_64-debian-clang | 0.5.2 | 6.80 | 151.64 | 158.44 | OK | |
r-devel-linux-x86_64-debian-gcc | 0.5.2 | 4.91 | 104.84 | 109.75 | OK | |
r-devel-linux-x86_64-fedora-clang | 0.5.2 | 257.06 | OK | |||
r-devel-linux-x86_64-fedora-gcc | 0.5.2 | 226.77 | OK | |||
r-devel-windows-x86_64 | 0.5.2 | 8.00 | 173.00 | 181.00 | ERROR | |
r-patched-linux-x86_64 | 0.5.2 | 7.48 | 125.08 | 132.56 | OK | |
r-release-linux-x86_64 | 0.5.2 | 5.83 | 143.33 | 149.16 | OK | |
r-release-macos-arm64 | 0.5.2 | 102.00 | OK | |||
r-release-macos-x86_64 | 0.5.2 | 142.00 | OK | |||
r-release-windows-x86_64 | 0.5.2 | 10.00 | 186.00 | 196.00 | OK | |
r-oldrel-macos-arm64 | 0.5.2 | 95.00 | OK | |||
r-oldrel-macos-x86_64 | 0.5.2 | 200.00 | OK | |||
r-oldrel-windows-x86_64 | 0.5.2 | 9.00 | 222.00 | 231.00 | OK |
Version: 0.5.2
Check: re-building of vignette outputs
Result: ERROR
Error(s) in re-building vignettes:
--- re-building 'correlation-utils.Rmd' using rmarkdown
--- finished re-building 'correlation-utils.Rmd'
--- re-building 'covidcast.Rmd' using rmarkdown
Quitting from lines 38-45 [unnamed-chunk-1] (covidcast.Rmd)
Error: processing vignette 'covidcast.Rmd' failed with diagnostics:
Internal Server Error (HTTP 500). Failed to fetch data from API anonymously.
--- failed re-building 'covidcast.Rmd'
--- re-building 'external-data.Rmd' using rmarkdown
--- finished re-building 'external-data.Rmd'
--- re-building 'multi-signals.Rmd' using rmarkdown
Quitting from lines 21-34 [unnamed-chunk-1] (multi-signals.Rmd)
Error: processing vignette 'multi-signals.Rmd' failed with diagnostics:
Internal Server Error (HTTP 500). Failed to fetch data from API anonymously.
--- failed re-building 'multi-signals.Rmd'
--- re-building 'plotting-signals.Rmd' using rmarkdown
--- finished re-building 'plotting-signals.Rmd'
SUMMARY: processing the following files failed:
'covidcast.Rmd' 'multi-signals.Rmd'
Error: Vignette re-building failed.
Execution halted
Flavor: r-devel-windows-x86_64