Last updated on 2024-08-17 05:49:18 CEST.
Flavor | Version | Tinstall | Tcheck | Ttotal | Status | Flags |
---|---|---|---|---|---|---|
r-devel-linux-x86_64-debian-clang | 0.5.2 | 5.77 | 148.50 | 154.27 | OK | |
r-devel-linux-x86_64-debian-gcc | 0.5.2 | 4.00 | 101.31 | 105.31 | OK | |
r-devel-linux-x86_64-fedora-clang | 0.5.2 | 249.67 | NOTE | |||
r-devel-linux-x86_64-fedora-gcc | 0.5.2 | 250.66 | NOTE | |||
r-devel-windows-x86_64 | 0.5.2 | 8.00 | 182.00 | 190.00 | ERROR | |
r-patched-linux-x86_64 | 0.5.2 | 6.42 | 142.42 | 148.84 | OK | |
r-release-linux-x86_64 | 0.5.2 | 5.71 | 141.96 | 147.67 | OK | |
r-release-macos-arm64 | 0.5.2 | 102.00 | OK | |||
r-release-macos-x86_64 | 0.5.2 | 142.00 | OK | |||
r-release-windows-x86_64 | 0.5.2 | 10.00 | 188.00 | 198.00 | OK | |
r-oldrel-macos-arm64 | 0.5.2 | 95.00 | OK | |||
r-oldrel-macos-x86_64 | 0.5.2 | 200.00 | OK | |||
r-oldrel-windows-x86_64 | 0.5.2 | 12.00 | 222.00 | 234.00 | OK |
Version: 0.5.2
Check: data for non-ASCII characters
Result: NOTE
Note: found 20 marked UTF-8 strings
Flavors: r-devel-linux-x86_64-fedora-clang, r-devel-linux-x86_64-fedora-gcc
Version: 0.5.2
Check: re-building of vignette outputs
Result: ERROR
Error(s) in re-building vignettes:
--- re-building 'correlation-utils.Rmd' using rmarkdown
--- finished re-building 'correlation-utils.Rmd'
--- re-building 'covidcast.Rmd' using rmarkdown
--- finished re-building 'covidcast.Rmd'
--- re-building 'external-data.Rmd' using rmarkdown
Quitting from lines 94-100 [unnamed-chunk-4] (external-data.Rmd)
Error: processing vignette 'external-data.Rmd' failed with diagnostics:
Internal Server Error (HTTP 500). Failed to fetch data from API anonymously.
--- failed re-building 'external-data.Rmd'
--- re-building 'multi-signals.Rmd' using rmarkdown
--- finished re-building 'multi-signals.Rmd'
--- re-building 'plotting-signals.Rmd' using rmarkdown
--- finished re-building 'plotting-signals.Rmd'
SUMMARY: processing the following file failed:
'external-data.Rmd'
Error: Vignette re-building failed.
Execution halted
Flavor: r-devel-windows-x86_64