Last updated on 2025-02-04 05:50:16 CET.
Flavor | Version | Tinstall | Tcheck | Ttotal | Status | Flags |
---|---|---|---|---|---|---|
r-devel-linux-x86_64-debian-clang | 1.2.1 | 13.41 | 75.08 | 88.49 | NOTE | |
r-devel-linux-x86_64-debian-gcc | 1.2.1 | 10.47 | 53.03 | 63.50 | NOTE | |
r-devel-linux-x86_64-fedora-clang | 1.2.1 | 151.24 | NOTE | |||
r-devel-linux-x86_64-fedora-gcc | 1.2.1 | 151.63 | NOTE | |||
r-patched-linux-x86_64 | 1.2.1 | 15.81 | 67.93 | 83.74 | NOTE | |
r-release-linux-x86_64 | 1.2.1 | 15.24 | 67.84 | 83.08 | NOTE | |
r-release-macos-arm64 | 1.2.1 | 59.00 | NOTE | |||
r-release-macos-x86_64 | 1.2.1 | 97.00 | NOTE | |||
r-oldrel-macos-arm64 | 1.2.1 | 58.00 | NOTE | |||
r-oldrel-macos-x86_64 | 1.2.1 | 98.00 | NOTE |
Version: 1.2.1
Check: C++ specification
Result: NOTE
Specified C++11: please drop specification unless essential
Flavors: r-devel-linux-x86_64-debian-clang, r-devel-linux-x86_64-debian-gcc, r-devel-linux-x86_64-fedora-clang, r-devel-linux-x86_64-fedora-gcc, r-patched-linux-x86_64, r-release-linux-x86_64, r-release-macos-arm64, r-release-macos-x86_64, r-oldrel-macos-arm64, r-oldrel-macos-x86_64
Version: 1.2.1
Check: dependencies in R code
Result: NOTE
Namespace in Imports field not imported from: ‘data.table’
All declared Imports should be used.
Flavors: r-devel-linux-x86_64-fedora-clang, r-devel-linux-x86_64-fedora-gcc
Version: 1.2.1
Check: LazyData
Result: NOTE
'LazyData' is specified without a 'data' directory
Flavors: r-patched-linux-x86_64, r-release-linux-x86_64, r-release-macos-arm64, r-release-macos-x86_64, r-oldrel-macos-arm64, r-oldrel-macos-x86_64
Version: 1.2.1
Check: installed package size
Result: NOTE
installed size is 5.0Mb
sub-directories of 1Mb or more:
extdata 3.8Mb
Flavors: r-release-macos-arm64, r-release-macos-x86_64, r-oldrel-macos-arm64, r-oldrel-macos-x86_64