Last updated on 2024-08-17 05:49:18 CEST.
Flavor | Version | Tinstall | Tcheck | Ttotal | Status | Flags |
---|---|---|---|---|---|---|
r-devel-linux-x86_64-debian-clang | 0.1.0 | 11.21 | 124.13 | 135.34 | OK | |
r-devel-linux-x86_64-debian-gcc | 0.1.0 | 6.00 | 86.92 | 92.92 | OK | |
r-devel-linux-x86_64-fedora-clang | 0.1.0 | 216.53 | NOTE | |||
r-devel-linux-x86_64-fedora-gcc | 0.1.0 | 217.41 | OK | |||
r-devel-windows-x86_64 | 0.1.0 | 13.00 | 130.00 | 143.00 | NOTE | |
r-patched-linux-x86_64 | 0.1.0 | 10.10 | 116.87 | 126.97 | OK | |
r-release-linux-x86_64 | 0.1.0 | 9.50 | 118.17 | 127.67 | OK | |
r-release-macos-arm64 | 0.1.0 | 64.00 | NOTE | |||
r-release-macos-x86_64 | 0.1.0 | 102.00 | NOTE | |||
r-release-windows-x86_64 | 0.1.0 | 14.00 | 128.00 | 142.00 | NOTE | |
r-oldrel-macos-arm64 | 0.1.0 | 56.00 | NOTE | |||
r-oldrel-macos-x86_64 | 0.1.0 | 143.00 | NOTE | |||
r-oldrel-windows-x86_64 | 0.1.0 | 16.00 | 158.00 | 174.00 | NOTE |
Version: 0.1.0
Check: installed package size
Result: NOTE
installed size is 7.2Mb
sub-directories of 1Mb or more:
doc 6.7Mb
Flavors: r-devel-linux-x86_64-fedora-clang, r-devel-windows-x86_64, r-release-macos-arm64, r-release-macos-x86_64, r-release-windows-x86_64, r-oldrel-macos-arm64, r-oldrel-macos-x86_64, r-oldrel-windows-x86_64