Last updated on 2024-08-17 05:49:18 CEST.
Flavor | Version | Tinstall | Tcheck | Ttotal | Status | Flags |
---|---|---|---|---|---|---|
r-devel-linux-x86_64-debian-clang | 0.4.1 | 14.26 | 44.46 | 58.72 | OK | |
r-devel-linux-x86_64-debian-gcc | 0.4.1 | 9.41 | 30.95 | 40.36 | OK | |
r-devel-linux-x86_64-fedora-clang | 0.4.1 | 93.50 | NOTE | |||
r-devel-linux-x86_64-fedora-gcc | 0.4.1 | 105.38 | NOTE | |||
r-devel-windows-x86_64 | 0.4.1 | 16.00 | 64.00 | 80.00 | OK | |
r-patched-linux-x86_64 | 0.4.1 | 13.73 | 42.87 | 56.60 | OK | |
r-release-linux-x86_64 | 0.4.1 | 14.07 | 42.46 | 56.53 | OK | |
r-release-macos-arm64 | 0.4.1 | 38.00 | OK | |||
r-release-macos-x86_64 | 0.4.1 | 60.00 | OK | |||
r-release-windows-x86_64 | 0.4.1 | 15.00 | 63.00 | 78.00 | OK | |
r-oldrel-macos-arm64 | 0.4.1 | 44.00 | OK | |||
r-oldrel-macos-x86_64 | 0.4.1 | 66.00 | OK | |||
r-oldrel-windows-x86_64 | 0.4.1 | 20.00 | 67.00 | 87.00 | OK |
Version: 0.4.1
Check: dependencies in R code
Result: NOTE
Namespace in Imports field not imported from: ‘devtools’
All declared Imports should be used.
Flavors: r-devel-linux-x86_64-fedora-clang, r-devel-linux-x86_64-fedora-gcc