Last updated on 2024-08-17 05:49:18 CEST.
Flavor | Version | Tinstall | Tcheck | Ttotal | Status | Flags |
---|---|---|---|---|---|---|
r-devel-linux-x86_64-debian-clang | 1.4.1 | 28.85 | 127.32 | 156.17 | NOTE | |
r-devel-linux-x86_64-debian-gcc | 1.4.1 | 22.20 | 93.72 | 115.92 | NOTE | |
r-devel-linux-x86_64-fedora-clang | 1.4.1 | 268.40 | OK | |||
r-devel-linux-x86_64-fedora-gcc | 1.4.1 | 273.12 | OK | |||
r-devel-windows-x86_64 | 1.4.1 | 36.00 | 171.00 | 207.00 | NOTE | |
r-patched-linux-x86_64 | 1.4.1 | 38.42 | 122.22 | 160.64 | OK | |
r-release-linux-x86_64 | 1.4.1 | 32.18 | 123.02 | 155.20 | OK | |
r-release-macos-arm64 | 1.4.1 | 84.00 | NOTE | |||
r-release-macos-x86_64 | 1.4.1 | 187.00 | NOTE | |||
r-release-windows-x86_64 | 1.4.1 | 37.00 | 167.00 | 204.00 | NOTE | |
r-oldrel-macos-arm64 | 1.4.1 | 102.00 | NOTE | |||
r-oldrel-macos-x86_64 | 1.4.1 | 203.00 | NOTE | |||
r-oldrel-windows-x86_64 | 1.4.1 | 44.00 | 198.00 | 242.00 | NOTE |
Version: 1.4.1
Check: Rd cross-references
Result: NOTE
Found the following Rd file(s) with Rd \link{} targets missing package
anchors:
cophe.prepare.dat.susie.Rd: runsusie
cophe.susie.Rd: check_dataset, runsusie
cophe.susie.lbf.Rd: runsusie
cophe_heatmap.Rd: pheatmap
Please provide package anchors for all Rd \link{} targets not in the
package itself and the base packages.
Flavors: r-devel-linux-x86_64-debian-clang, r-devel-linux-x86_64-debian-gcc, r-devel-windows-x86_64
Version: 1.4.1
Check: installed package size
Result: NOTE
installed size is 5.2Mb
sub-directories of 1Mb or more:
data 3.5Mb
libs 1.2Mb
Flavors: r-devel-windows-x86_64, r-release-macos-arm64, r-release-macos-x86_64, r-release-windows-x86_64, r-oldrel-macos-arm64, r-oldrel-macos-x86_64, r-oldrel-windows-x86_64