Last updated on 2024-08-17 05:49:18 CEST.
Flavor | Version | Tinstall | Tcheck | Ttotal | Status | Flags |
---|---|---|---|---|---|---|
r-devel-linux-x86_64-debian-clang | 1.0.4 | 9.54 | 83.93 | 93.47 | NOTE | |
r-devel-linux-x86_64-debian-gcc | 1.0.4 | 6.48 | 59.73 | 66.21 | NOTE | |
r-devel-linux-x86_64-fedora-clang | 1.0.4 | 152.51 | OK | |||
r-devel-linux-x86_64-fedora-gcc | 1.0.4 | 157.70 | OK | |||
r-devel-windows-x86_64 | 1.0.4 | 9.00 | 112.00 | 121.00 | NOTE | |
r-patched-linux-x86_64 | 1.0.4 | 12.45 | 78.37 | 90.82 | OK | |
r-release-linux-x86_64 | 1.0.4 | 8.16 | 78.89 | 87.05 | OK | |
r-release-macos-arm64 | 1.0.4 | 50.00 | OK | |||
r-release-macos-x86_64 | 1.0.4 | 78.00 | OK | |||
r-release-windows-x86_64 | 1.0.4 | 11.00 | 109.00 | 120.00 | OK | |
r-oldrel-macos-arm64 | 1.0.4 | 55.00 | OK | |||
r-oldrel-macos-x86_64 | 1.0.4 | 83.00 | OK | |||
r-oldrel-windows-x86_64 | 1.0.4 | 13.00 | 125.00 | 138.00 | OK |
Version: 1.0.4
Check: Rd cross-references
Result: NOTE
Found the following Rd file(s) with Rd \link{} targets missing package
anchors:
Set.Rd: set
deprecated.Rd: set
dict.table.Rd: data.table
Please provide package anchors for all Rd \link{} targets not in the
package itself and the base packages.
Flavors: r-devel-linux-x86_64-debian-clang, r-devel-linux-x86_64-debian-gcc, r-devel-windows-x86_64