Last updated on 2025-02-10 03:49:15 CET.
Flavor | Version | Tinstall | Tcheck | Ttotal | Status | Flags |
---|---|---|---|---|---|---|
r-devel-linux-x86_64-debian-clang | 0.1.6 | 2.52 | 35.15 | 37.67 | NOTE | |
r-devel-linux-x86_64-debian-gcc | 0.1.6 | 1.95 | 27.69 | 29.64 | NOTE | |
r-devel-linux-x86_64-fedora-clang | 0.1.6 | 65.99 | NOTE | |||
r-devel-linux-x86_64-fedora-gcc | 0.1.6 | 73.31 | NOTE | |||
r-devel-windows-x86_64 | 0.1.6 | 6.00 | 67.00 | 73.00 | NOTE | |
r-patched-linux-x86_64 | 0.1.6 | 3.12 | 34.10 | 37.22 | NOTE | |
r-release-linux-x86_64 | 0.1.6 | 2.59 | 33.94 | 36.53 | NOTE | |
r-release-macos-arm64 | 0.1.6 | 33.00 | NOTE | |||
r-release-macos-x86_64 | 0.1.6 | 43.00 | NOTE | |||
r-release-windows-x86_64 | 0.1.6 | 4.00 | 67.00 | 71.00 | NOTE | |
r-oldrel-macos-arm64 | 0.1.6 | 29.00 | OK | |||
r-oldrel-macos-x86_64 | 0.1.6 | 44.00 | OK | |||
r-oldrel-windows-x86_64 | 0.1.6 | 5.00 | 68.00 | 73.00 | OK |
Version: 0.1.6
Check: Rd files
Result: NOTE
checkRd: (-1) concstats_hhi.Rd:13: Lost braces; missing escapes or markup?
13 | value is required. Ranges from {0, 1} and often used for comparison over
| ^
Flavors: r-devel-linux-x86_64-debian-clang, r-devel-linux-x86_64-debian-gcc, r-devel-linux-x86_64-fedora-clang, r-devel-linux-x86_64-fedora-gcc, r-devel-windows-x86_64, r-patched-linux-x86_64, r-release-linux-x86_64, r-release-macos-arm64, r-release-macos-x86_64, r-release-windows-x86_64