CRAN Package Check Results for Package concatenate

Last updated on 2025-02-04 05:50:16 CET.

Flavor Version Tinstall Tcheck Ttotal Status Flags
r-devel-linux-x86_64-debian-clang 1.0.0 1.54 19.78 21.32 OK
r-devel-linux-x86_64-debian-gcc 1.0.0 1.44 16.67 18.11 OK
r-devel-linux-x86_64-fedora-clang 1.0.0 36.43 OK
r-devel-linux-x86_64-fedora-gcc 1.0.0 33.34 OK
r-devel-windows-x86_64 1.0.0 3.00 43.00 46.00 OK
r-patched-linux-x86_64 1.0.0 1.86 18.83 20.69 NOTE
r-release-linux-x86_64 1.0.0 1.74 18.77 20.51 NOTE
r-release-macos-arm64 1.0.0 18.00 NOTE
r-release-macos-x86_64 1.0.0 25.00 NOTE
r-release-windows-x86_64 1.0.0 4.00 43.00 47.00 NOTE
r-oldrel-macos-arm64 1.0.0 17.00 NOTE
r-oldrel-macos-x86_64 1.0.0 20.00 NOTE
r-oldrel-windows-x86_64 1.0.0 2.00 45.00 47.00 NOTE

Check Details

Version: 1.0.0
Check: LazyData
Result: NOTE 'LazyData' is specified without a 'data' directory Flavors: r-patched-linux-x86_64, r-release-linux-x86_64, r-release-macos-arm64, r-release-macos-x86_64, r-release-windows-x86_64, r-oldrel-macos-arm64, r-oldrel-macos-x86_64, r-oldrel-windows-x86_64