Last updated on 2025-02-04 05:50:16 CET.
Flavor | Version | Tinstall | Tcheck | Ttotal | Status | Flags |
---|---|---|---|---|---|---|
r-devel-linux-x86_64-debian-clang | 0.1-0 | 8.68 | 67.37 | 76.05 | NOTE | |
r-devel-linux-x86_64-debian-gcc | 0.1-1 | 6.29 | 51.19 | 57.48 | OK | |
r-devel-linux-x86_64-fedora-clang | 0.1-1 | 121.79 | OK | |||
r-devel-linux-x86_64-fedora-gcc | 0.1-1 | 115.13 | OK | |||
r-devel-windows-x86_64 | 0.1-1 | 10.00 | 81.00 | 91.00 | OK | |
r-patched-linux-x86_64 | 0.1-0 | 8.54 | 62.63 | 71.17 | OK | |
r-release-linux-x86_64 | 0.1-1 | 7.88 | 62.97 | 70.85 | OK | |
r-release-macos-arm64 | 0.1-1 | 44.00 | OK | |||
r-release-macos-x86_64 | 0.1-1 | 65.00 | OK | |||
r-release-windows-x86_64 | 0.1-1 | 10.00 | 81.00 | 91.00 | OK | |
r-oldrel-macos-arm64 | 0.1-0 | 40.00 | OK | |||
r-oldrel-macos-x86_64 | 0.1-0 | 100.00 | OK | |||
r-oldrel-windows-x86_64 | 0.1-1 | 12.00 | 93.00 | 105.00 | OK |
Version: 0.1-0
Check: DESCRIPTION meta-information
Result: NOTE
Missing dependency on R >= 4.1.0 because package code uses the pipe
|> or function shorthand \(...) syntax added in R 4.1.0.
File(s) using such syntax:
‘gcm.R’ ‘pcm.R’ ‘regressions.R’ ‘wgcm.R’
Flavor: r-devel-linux-x86_64-debian-clang