Last updated on 2024-08-17 05:49:18 CEST.
Flavor | Version | Tinstall | Tcheck | Ttotal | Status | Flags |
---|---|---|---|---|---|---|
r-devel-linux-x86_64-debian-clang | 0.3.9 | 52.68 | 31.13 | 83.81 | NOTE | |
r-devel-linux-x86_64-debian-gcc | 0.3.9 | 39.04 | 23.80 | 62.84 | NOTE | |
r-devel-linux-x86_64-fedora-clang | 0.3.9 | 152.53 | NOTE | |||
r-devel-linux-x86_64-fedora-gcc | 0.3.9 | 167.94 | NOTE | |||
r-devel-windows-x86_64 | 0.3.9 | 57.00 | 81.00 | 138.00 | NOTE | |
r-patched-linux-x86_64 | 0.3.9 | 56.45 | 29.66 | 86.11 | NOTE | |
r-release-linux-x86_64 | 0.3.9 | 54.29 | 30.14 | 84.43 | NOTE | |
r-release-macos-arm64 | 0.3.9 | 41.00 | NOTE | |||
r-release-macos-x86_64 | 0.3.9 | 52.00 | NOTE | |||
r-release-windows-x86_64 | 0.3.9 | 63.00 | 80.00 | 143.00 | NOTE | |
r-oldrel-macos-arm64 | 0.3.9 | 51.00 | NOTE | |||
r-oldrel-macos-x86_64 | 0.3.9 | 140.00 | NOTE | |||
r-oldrel-windows-x86_64 | 0.3.9 | 55.00 | 89.00 | 144.00 | OK |
Version: 0.3.9
Check: Rd files
Result: NOTE
checkRd: (-1) colour_values.Rd:143: Lost braces in \itemize; meant \describe ?
checkRd: (-1) colour_values.Rd:144: Lost braces in \itemize; meant \describe ?
checkRd: (-1) colour_values_rgb.Rd:143: Lost braces in \itemize; meant \describe ?
checkRd: (-1) colour_values_rgb.Rd:144: Lost braces in \itemize; meant \describe ?
Flavors: r-devel-linux-x86_64-debian-clang, r-devel-linux-x86_64-debian-gcc, r-devel-linux-x86_64-fedora-clang, r-devel-linux-x86_64-fedora-gcc, r-devel-windows-x86_64, r-patched-linux-x86_64, r-release-linux-x86_64, r-release-macos-arm64, r-release-macos-x86_64, r-release-windows-x86_64
Version: 0.3.9
Check: installed package size
Result: NOTE
installed size is 6.7Mb
sub-directories of 1Mb or more:
libs 5.4Mb
Flavors: r-release-macos-arm64, r-release-macos-x86_64, r-oldrel-macos-arm64, r-oldrel-macos-x86_64