CRAN Package Check Results for Package cocron

Last updated on 2025-04-14 04:51:43 CEST.

Flavor Version Tinstall Tcheck Ttotal Status Flags
r-devel-linux-x86_64-debian-clang 1.0-1 3.05 23.31 26.36 OK
r-devel-linux-x86_64-debian-gcc 1.0-1 2.10 19.20 21.30 OK
r-devel-linux-x86_64-fedora-gcc 1.0-1 41.11 OK
r-devel-macos-arm64 1.0-1 18.00 OK
r-devel-macos-x86_64 1.0-1 36.00 OK
r-devel-windows-x86_64 1.0-1 4.00 46.00 50.00 OK
r-patched-linux-x86_64 1.0-1 2.94 23.42 26.36 OK
r-release-linux-x86_64 1.0-1 2.85 23.39 26.24 OK
r-release-macos-arm64 1.0-1 20.00 NOTE
r-release-macos-x86_64 1.0-1 25.00 NOTE
r-release-windows-x86_64 1.0-1 3.00 48.00 51.00 NOTE
r-oldrel-macos-arm64 1.0-1 NOTE
r-oldrel-macos-x86_64 1.0-1 23.00 NOTE
r-oldrel-windows-x86_64 1.0-1 5.00 51.00 56.00 NOTE

Check Details

Version: 1.0-1
Check: package dependencies
Result: NOTE Package which this enhances but not available for checking: ‘rkward’ Flavors: r-release-macos-arm64, r-release-macos-x86_64, r-release-windows-x86_64, r-oldrel-macos-arm64, r-oldrel-macos-x86_64, r-oldrel-windows-x86_64