Last updated on 2024-08-17 05:49:18 CEST.
Flavor | Version | Tinstall | Tcheck | Ttotal | Status | Flags |
---|---|---|---|---|---|---|
r-devel-linux-x86_64-debian-clang | 0.1.2 | 5.46 | 42.03 | 47.49 | NOTE | |
r-devel-linux-x86_64-debian-gcc | 0.1.2 | 4.72 | 30.91 | 35.63 | NOTE | |
r-devel-linux-x86_64-fedora-clang | 0.1.2 | 77.30 | NOTE | |||
r-devel-linux-x86_64-fedora-gcc | 0.1.2 | 71.62 | NOTE | |||
r-devel-windows-x86_64 | 0.1.2 | 8.00 | 57.00 | 65.00 | NOTE | |
r-patched-linux-x86_64 | 0.1.2 | 5.30 | 40.07 | 45.37 | NOTE | |
r-release-linux-x86_64 | 0.1.2 | 6.07 | 40.04 | 46.11 | NOTE | |
r-release-macos-arm64 | 0.1.2 | 27.00 | NOTE | |||
r-release-macos-x86_64 | 0.1.2 | 38.00 | NOTE | |||
r-release-windows-x86_64 | 0.1.2 | 7.00 | 57.00 | 64.00 | NOTE | |
r-oldrel-macos-arm64 | 0.1.2 | 27.00 | OK | |||
r-oldrel-macos-x86_64 | 0.1.2 | 39.00 | OK | |||
r-oldrel-windows-x86_64 | 0.1.2 | 10.00 | 64.00 | 74.00 | OK |
Version: 0.1.2
Check: Rd files
Result: NOTE
checkRd: (-1) clr.Rd:24: Lost braces
24 | the sense that its Karhunen-Lo\`{e}ve decomposition has qx terms only.}
| ^
Flavors: r-devel-linux-x86_64-debian-clang, r-devel-linux-x86_64-debian-gcc, r-devel-linux-x86_64-fedora-clang, r-devel-linux-x86_64-fedora-gcc, r-devel-windows-x86_64, r-patched-linux-x86_64, r-release-linux-x86_64, r-release-macos-arm64, r-release-macos-x86_64, r-release-windows-x86_64