Last updated on 2025-02-04 05:50:16 CET.
Flavor | Version | Tinstall | Tcheck | Ttotal | Status | Flags |
---|---|---|---|---|---|---|
r-devel-linux-x86_64-debian-clang | 0.4.0 | 7.41 | 47.77 | 55.18 | NOTE | |
r-devel-linux-x86_64-debian-gcc | 0.4.0 | 4.55 | 33.20 | 37.75 | NOTE | |
r-devel-linux-x86_64-fedora-clang | 0.4.0 | 92.73 | NOTE | |||
r-devel-linux-x86_64-fedora-gcc | 0.4.0 | 79.88 | NOTE | |||
r-devel-windows-x86_64 | 0.4.0 | 8.00 | 64.00 | 72.00 | NOTE | |
r-patched-linux-x86_64 | 0.4.0 | 6.83 | 43.14 | 49.97 | NOTE | |
r-release-linux-x86_64 | 0.4.0 | 5.27 | 43.18 | 48.45 | NOTE | |
r-release-macos-arm64 | 0.4.0 | 28.00 | NOTE | |||
r-release-macos-x86_64 | 0.4.0 | 40.00 | NOTE | |||
r-release-windows-x86_64 | 0.4.0 | 9.00 | 63.00 | 72.00 | NOTE | |
r-oldrel-macos-arm64 | 0.4.0 | 27.00 | OK | |||
r-oldrel-macos-x86_64 | 0.4.0 | 42.00 | OK | |||
r-oldrel-windows-x86_64 | 0.4.0 | 10.00 | 73.00 | 83.00 | OK |
Version: 0.4.0
Check: Rd files
Result: NOTE
checkRd: (-1) cb_participant_count.Rd:13: Lost braces
13 | \item{query}{A phenotype query defined using the code{\link{phenotype}} function and logic operators (see example below)}
| ^
checkRd: (-1) phenotype.Rd:10: Lost braces
10 | \item{id}{A single phenotype id. Possible phenotyoes can be explored using the code{\link{cb_search_phenotypes}} function}
| ^
Flavors: r-devel-linux-x86_64-debian-clang, r-devel-linux-x86_64-debian-gcc, r-devel-linux-x86_64-fedora-clang, r-devel-linux-x86_64-fedora-gcc, r-devel-windows-x86_64, r-patched-linux-x86_64, r-release-linux-x86_64, r-release-macos-arm64, r-release-macos-x86_64, r-release-windows-x86_64