Last updated on 2025-02-10 03:49:14 CET.
Flavor | Version | Tinstall | Tcheck | Ttotal | Status | Flags |
---|---|---|---|---|---|---|
r-devel-linux-x86_64-debian-clang | 3.6.3 | 17.77 | 142.43 | 160.20 | OK | |
r-devel-linux-x86_64-debian-gcc | 3.6.3 | 14.12 | 91.00 | 105.12 | OK | |
r-devel-linux-x86_64-fedora-clang | 3.6.3 | 272.40 | OK | |||
r-devel-linux-x86_64-fedora-gcc | 3.6.3 | 241.06 | OK | |||
r-devel-windows-x86_64 | 3.6.3 | 50.00 | 166.00 | 216.00 | OK | |
r-patched-linux-x86_64 | 3.6.3 | 20.18 | 131.05 | 151.23 | OK | |
r-release-linux-x86_64 | 3.6.3 | 15.57 | 131.45 | 147.02 | OK | |
r-release-macos-arm64 | 3.6.3 | 64.00 | OK | |||
r-release-macos-x86_64 | 3.6.3 | 235.00 | OK | |||
r-release-windows-x86_64 | 3.6.3 | 2.00 | 5.00 | 7.00 | ERROR | |
r-oldrel-macos-arm64 | 3.6.3 | 90.00 | OK | |||
r-oldrel-macos-x86_64 | 3.6.3 | 237.00 | OK | |||
r-oldrel-windows-x86_64 | 3.6.3 | 53.00 | 204.00 | 257.00 | OK |
Version: 3.6.3
Check: whether package can be installed
Result: ERROR
Installation failed.
Flavor: r-release-windows-x86_64