Last updated on 2024-08-17 05:49:18 CEST.
Flavor | Version | Tinstall | Tcheck | Ttotal | Status | Flags |
---|---|---|---|---|---|---|
r-devel-linux-x86_64-debian-clang | 0.4-10 | 2.84 | 70.02 | 72.86 | OK | |
r-devel-linux-x86_64-debian-gcc | 0.4-10 | 2.67 | 54.58 | 57.25 | OK | |
r-devel-linux-x86_64-fedora-clang | 0.4-10 | 113.61 | OK | |||
r-devel-linux-x86_64-fedora-gcc | 0.4-10 | 121.46 | OK | |||
r-devel-windows-x86_64 | 0.4-10 | 7.00 | 98.00 | 105.00 | OK | |
r-patched-linux-x86_64 | 0.4-10 | 3.37 | 64.11 | 67.48 | OK | |
r-release-linux-x86_64 | 0.4-10 | 3.27 | 67.45 | 70.72 | OK | |
r-release-macos-arm64 | 0.4-10 | 47.00 | OK | |||
r-release-macos-x86_64 | 0.4-10 | 40.00 | ERROR | |||
r-release-windows-x86_64 | 0.4-10 | 8.00 | 100.00 | 108.00 | OK | |
r-oldrel-macos-arm64 | 0.4-10 | 73.00 | OK | |||
r-oldrel-macos-x86_64 | 0.4-10 | 92.00 | OK | |||
r-oldrel-windows-x86_64 | 0.4-10 | 8.00 | 106.00 | 114.00 | OK |
Version: 0.4-10
Check: re-building of vignette outputs
Result: ERROR
Error(s) in re-building vignettes:
...
--- re-building ‘headtailsR.Rmd’ using rmarkdown
Error: processing vignette 'headtailsR.Rmd' failed with diagnostics:
there is no package called ‘sass’
--- failed re-building ‘headtailsR.Rmd’
SUMMARY: processing the following file failed:
‘headtailsR.Rmd’
Error: Vignette re-building failed.
Execution halted
Flavor: r-release-macos-x86_64