Last updated on 2024-08-18 04:48:08 CEST.
Flavor | Version | Tinstall | Tcheck | Ttotal | Status | Flags |
---|---|---|---|---|---|---|
r-devel-linux-x86_64-debian-clang | 0.6.1 | 11.80 | 264.18 | 275.98 | NOTE | |
r-devel-linux-x86_64-debian-gcc | 0.6.1 | 6.89 | 177.76 | 184.65 | NOTE | |
r-devel-linux-x86_64-fedora-clang | 0.6.1 | 443.68 | NOTE | |||
r-devel-linux-x86_64-fedora-gcc | 0.6.1 | 430.83 | NOTE | |||
r-devel-windows-x86_64 | 0.6.1 | 13.00 | 224.00 | 237.00 | NOTE | |
r-patched-linux-x86_64 | 0.6.1 | 10.45 | 247.35 | 257.80 | NOTE | |
r-release-linux-x86_64 | 0.6.1 | 11.36 | 251.08 | 262.44 | NOTE | |
r-release-macos-arm64 | 0.6.1 | 119.00 | NOTE | |||
r-release-macos-x86_64 | 0.6.1 | 169.00 | NOTE | |||
r-release-windows-x86_64 | 0.6.1 | 14.00 | 224.00 | 238.00 | NOTE | |
r-oldrel-macos-arm64 | 0.6.1 | 129.00 | NOTE | |||
r-oldrel-macos-x86_64 | 0.6.1 | 213.00 | NOTE | |||
r-oldrel-windows-x86_64 | 0.6.1 | 17.00 | 290.00 | 307.00 | NOTE |
Version: 0.6.1
Check: LazyData
Result: NOTE
'LazyData' is specified without a 'data' directory
Flavors: r-devel-linux-x86_64-debian-clang, r-devel-linux-x86_64-debian-gcc, r-devel-linux-x86_64-fedora-clang, r-devel-linux-x86_64-fedora-gcc, r-devel-windows-x86_64, r-patched-linux-x86_64, r-release-linux-x86_64, r-release-macos-arm64, r-release-macos-x86_64, r-release-windows-x86_64, r-oldrel-macos-arm64, r-oldrel-macos-x86_64, r-oldrel-windows-x86_64