Last updated on 2024-08-18 04:48:08 CEST.
Flavor | Version | Tinstall | Tcheck | Ttotal | Status | Flags |
---|---|---|---|---|---|---|
r-devel-linux-x86_64-debian-clang | 0.0.1 | 1.20 | 25.83 | 27.03 | NOTE | |
r-devel-linux-x86_64-debian-gcc | 0.0.1 | 1.30 | 20.88 | 22.18 | NOTE | |
r-devel-linux-x86_64-fedora-clang | 0.0.1 | 46.22 | NOTE | |||
r-devel-linux-x86_64-fedora-gcc | 0.0.1 | 57.20 | NOTE | |||
r-devel-windows-x86_64 | 0.0.1 | 3.00 | 48.00 | 51.00 | NOTE | |
r-patched-linux-x86_64 | 0.0.1 | 1.59 | 24.99 | 26.58 | NOTE | |
r-release-linux-x86_64 | 0.0.1 | 1.71 | 25.04 | 26.75 | NOTE | |
r-release-macos-arm64 | 0.0.1 | 27.00 | NOTE | |||
r-release-macos-x86_64 | 0.0.1 | 37.00 | NOTE | |||
r-release-windows-x86_64 | 0.0.1 | 3.00 | 48.00 | 51.00 | NOTE | |
r-oldrel-macos-arm64 | 0.0.1 | 27.00 | NOTE | |||
r-oldrel-macos-x86_64 | 0.0.1 | 36.00 | NOTE | |||
r-oldrel-windows-x86_64 | 0.0.1 | 4.00 | 47.00 | 51.00 | NOTE |
Version: 0.0.1
Check: LazyData
Result: NOTE
'LazyData' is specified without a 'data' directory
Flavors: r-devel-linux-x86_64-debian-clang, r-devel-linux-x86_64-debian-gcc, r-devel-linux-x86_64-fedora-clang, r-devel-linux-x86_64-fedora-gcc, r-devel-windows-x86_64, r-patched-linux-x86_64, r-release-linux-x86_64, r-release-macos-arm64, r-release-macos-x86_64, r-release-windows-x86_64, r-oldrel-macos-arm64, r-oldrel-macos-x86_64, r-oldrel-windows-x86_64