Last updated on 2024-08-18 04:48:08 CEST.
Flavor | Version | Tinstall | Tcheck | Ttotal | Status | Flags |
---|---|---|---|---|---|---|
r-devel-linux-x86_64-debian-clang | 1.0.0 | 2.81 | 105.96 | 108.77 | OK | |
r-devel-linux-x86_64-debian-gcc | 1.0.0 | 1.99 | 68.70 | 70.69 | OK | |
r-devel-linux-x86_64-fedora-clang | 1.0.0 | 196.82 | NOTE | |||
r-devel-linux-x86_64-fedora-gcc | 1.0.0 | 180.68 | NOTE | |||
r-devel-windows-x86_64 | 1.0.0 | 5.00 | 119.00 | 124.00 | OK | |
r-patched-linux-x86_64 | 1.0.0 | 2.50 | 100.77 | 103.27 | OK | |
r-release-linux-x86_64 | 1.0.0 | 2.68 | 101.37 | 104.05 | OK | |
r-release-macos-arm64 | 1.0.0 | 53.00 | OK | |||
r-release-macos-x86_64 | 1.0.0 | 85.00 | OK | |||
r-release-windows-x86_64 | 1.0.0 | 5.00 | 118.00 | 123.00 | OK | |
r-oldrel-macos-arm64 | 1.0.0 | 57.00 | OK | |||
r-oldrel-macos-x86_64 | 1.0.0 | 99.00 | OK | |||
r-oldrel-windows-x86_64 | 1.0.0 | 5.00 | 148.00 | 153.00 | OK |
Version: 1.0.0
Check: dependencies in R code
Result: NOTE
Namespaces in Imports field not imported from:
‘AER’ ‘graphics’ ‘lmtest’
All declared Imports should be used.
Flavors: r-devel-linux-x86_64-fedora-clang, r-devel-linux-x86_64-fedora-gcc