Last updated on 2024-08-17 05:49:18 CEST.
Flavor | Version | Tinstall | Tcheck | Ttotal | Status | Flags |
---|---|---|---|---|---|---|
r-devel-linux-x86_64-debian-clang | 1.1.0 | 5.59 | 160.01 | 165.60 | ERROR | |
r-devel-linux-x86_64-debian-gcc | 1.1.0 | 4.28 | 109.12 | 113.40 | ERROR | |
r-devel-linux-x86_64-fedora-clang | 1.1.1 | 267.56 | OK | |||
r-devel-linux-x86_64-fedora-gcc | 1.1.1 | 730.84 | OK | |||
r-devel-windows-x86_64 | 1.1.0 | 7.00 | 195.00 | 202.00 | ERROR | |
r-patched-linux-x86_64 | 1.1.0 | 6.64 | 151.69 | 158.33 | OK | |
r-release-linux-x86_64 | 1.1.0 | 4.69 | 152.67 | 157.36 | OK | |
r-release-macos-arm64 | 1.1.1 | 291.00 | OK | |||
r-release-macos-x86_64 | 1.1.1 | 817.00 | OK | |||
r-release-windows-x86_64 | 1.1.1 | 6.00 | 203.00 | 209.00 | OK | |
r-oldrel-macos-arm64 | 1.1.1 | 383.00 | OK | |||
r-oldrel-macos-x86_64 | 1.1.1 | 899.00 | OK | |||
r-oldrel-windows-x86_64 | 1.1.0 | 8.00 | 200.00 | 208.00 | OK |
Version: 1.1.0
Check: tests
Result: ERROR
Running ‘testthat.R’ [66s/41s]
Running the tests in ‘tests/testthat.R’ failed.
Complete output:
> # This file is part of the standard setup for testthat.
> # It is recommended that you do not modify it.
> #
> # Where should you do additional test configuration?
> # Learn more about the roles of various files in:
> # * https://r-pkgs.org/testing-design.html#sec-tests-files-overview
> # * https://testthat.r-lib.org/articles/special-files.html
>
> library(testthat)
> library(cffr)
>
> test_check("cffr")
Starting 2 test processes
[ FAIL 1 | WARN 0 | SKIP 136 | PASS 327 ]
══ Skipped tests (136) ═════════════════════════════════════════════════════════
• On CRAN (136): 'test-as_cff.R:11:3', 'test-as_cff.R:29:3',
'test-as_cff.R:49:3', 'test-as_cff.R:76:3', 'test-as_cff.R:86:3',
'test-as_cff.R:143:3', 'test-as_cff_person.R:18:3',
'test-as_cff_person.R:26:3', 'test-as_cff_person.R:33:3',
'test-as_cff_person.R:47:3', 'test-as_cff_person.R:179:3',
'test-as_cff_reference.R:19:3', 'test-as_cff_reference.R:58:3',
'test-as_cff_reference.R:90:3', 'test-as_cff_reference.R:141:3',
'test-as_cff_reference.R:180:3', 'test-as_cff_reference.R:220:3',
'test-as_cff_reference.R:261:3', 'test-as_cff_reference.R:298:3',
'test-as_cff_reference.R:330:3', 'test-as_cff_reference.R:359:3',
'test-as_cff_reference.R:392:3', 'test-as_cff_reference.R:427:3',
'test-as_cff_reference.R:462:3', 'test-as_cff_reference.R:490:3',
'test-as_cff_reference.R:527:3', 'test-as_cff_reference.R:569:3',
'test-as_cff_reference.R:602:3', 'test-as_cff_reference.R:632:3',
'test-as_cff_reference.R:658:3', 'test-as_cff_reference.R:692:3',
'test-as_cff_reference.R:730:3', 'test-as_cff_reference.R:753:3',
'test-as_cff_reference.R:777:3', 'test-cff.R:2:3', 'test-cff.R:23:3',
'test-cff.R:51:3', 'test-cff.R:65:3', 'test-cff.R:87:3', 'test-cff.R:98:3',
'test-as_bibentry.R:66:3', 'test-as_bibentry.R:70:3',
'test-as_bibentry.R:121:3', 'test-as_bibentry.R:137:3',
'test-cff_gha_update.R:2:3', 'test-cff_modify.R:6:3', 'test-cff_read.R:2:3',
'test-cff_read.R:10:3', 'test-cff_read.R:24:3', 'test-cff_read.R:71:3',
'test-cff_read.R:100:3', 'test-cff_read.R:247:3',
'test-cff_read_bib_text.R:4:3', 'test-cff_read_bib_text.R:35:3',
'test-cff_validate.R:8:3', 'test-cff_validate.R:30:3',
'test-cff_write.R:13:3', 'test-cff_write.R:39:3', 'test-cff_write.R:62:3',
'test-cff_write.R:96:3', 'test-cff_write.R:113:3', 'test-cff_write.R:159:3',
'test-cff_write.R:173:3', 'test-cff_write.R:191:3',
'test-cff_write_misc.R:2:3', 'test-cff_write_misc.R:18:3',
'test-cff_write_misc.R:42:3', 'test-cff_write_misc.R:70:3',
'test-cff_write_misc.R:119:3', 'test-cff_write_misc.R:144:3',
'test-deprecated.R:5:3', 'test-deprecated.R:14:3', 'test-deprecated.R:22:3',
'test-deprecated.R:46:3', 'test-deprecated.R:58:3', 'test-deprecated.R:66:3',
'test-deprecated.R:73:3', 'test-deprecated.R:81:3', 'test-cff_create.R:8:3',
'test-cff_create.R:14:3', 'test-cff_create.R:78:3',
'test-cff_create.R:105:3', 'test-cff_create.R:112:3',
'test-cff_create.R:206:3', 'test-cff_create.R:221:3',
'test-cff_create.R:251:3', 'test-cff_create.R:267:3',
'test-cff_create.R:292:3', 'test-cff_create.R:310:3',
'test-cff_create.R:330:3', 'test-cff_create.R:347:3',
'test-cff_create.R:365:3', 'test-cff_create.R:385:3',
'test-cff_create.R:408:3', 'test-cff_create.R:414:3',
'test-cff_create.R:510:3', 'test-mock-package.R:2:3',
'test-utils-alerts.R:16:3', 'test-utils-alerts.R:29:3',
'test-utils-alerts.R:46:3', 'test-methods.R:24:3', 'test-methods.R:80:3',
'test-methods.R:108:3', 'test-methods.R:133:3', 'test-methods.R:148:3',
'test-methods.R:195:3', 'test-methods.R:206:3', 'test-methods.R:221:3',
'test-methods.R:247:3', 'test-utils-cff_ref.R:7:3',
'test-utils-create.R:16:5', 'test-utils-create.R:23:3',
'test-utils-persons.R:11:3', 'test-utils-persons.R:47:3',
'test-utils-persons.R:76:3', 'test-utils-persons.R:93:3',
'test-utils-persons.R:111:3', 'test-utils-persons.R:122:3',
'test-utils-persons.R:135:3', 'test-utils-persons.R:143:3',
'test-utils-schema.R:11:3', 'test-xtra-check-bibtex-ruby.R:10:3',
'test-xtra-check-bibtex-ruby.R:19:3', 'test-xtra-check-bibtex-ruby.R:28:3',
'test-xtra-check-bibtex-ruby.R:37:3', 'test-xtra-check-bibtex-ruby.R:46:3',
'test-xtra-check-bibtex-ruby.R:55:3', 'test-xtra-check-bibtex-ruby.R:64:3',
'test-xtra-check-bibtex-ruby.R:73:3', 'test-xtra-check-bibtex-ruby.R:83:3',
'test-xtra-check-bibtex-ruby.R:92:3', 'test-xtra-check-bibtex-ruby.R:101:3',
'test-xtra-check-bibtex-ruby.R:111:3', 'test-xtra-check-bibtex-ruby.R:120:3',
'test-xtra-check-bibtex-ruby.R:130:3', 'test-xtra-check-bibtex-ruby.R:139:3'
══ Failed tests ════════════════════════════════════════════════════════════════
── Failure ('test-as_cff_person.R:177:3'): Can extract comments from format ────
`pp1` (`actual`) not identical to `pp2` (`expected`).
`actual[[1]]` is length 5
`expected[[1]]` is length 4
`names(actual[[1]])`: "family-names" "given-names" "email" "orcid" "website"
`names(expected[[1]])`: "family-names" "given-names" "email" "website"
`actual[[1]]$orcid` is a character vector ('https://orcid.org/0000-0001-8457-4658')
`expected[[1]]$orcid` is absent
[ FAIL 1 | WARN 0 | SKIP 136 | PASS 327 ]
Deleting unused snapshots:
• cff_write/appendkeys.cff
• cff_write/asci_trans.cff
• cff_write/basic.cff
• cff_write/fix_extension.cff
• cff_write/new_folder.cff
• cff_write/newkeys.cff
• cff_write/noencoding.cff
• cff_write/utf8.cff
• cff_write_misc/CITAT_ION
• cff_write_misc/append.bib
• cff_write_misc/ascii.bib
• cff_write_misc/noext.bib
Error: Test failures
Execution halted
Flavor: r-devel-linux-x86_64-debian-clang
Version: 1.1.0
Check: tests
Result: ERROR
Running ‘testthat.R’ [40s/34s]
Running the tests in ‘tests/testthat.R’ failed.
Complete output:
> # This file is part of the standard setup for testthat.
> # It is recommended that you do not modify it.
> #
> # Where should you do additional test configuration?
> # Learn more about the roles of various files in:
> # * https://r-pkgs.org/testing-design.html#sec-tests-files-overview
> # * https://testthat.r-lib.org/articles/special-files.html
>
> library(testthat)
> library(cffr)
>
> test_check("cffr")
Starting 2 test processes
[ FAIL 1 | WARN 0 | SKIP 136 | PASS 327 ]
══ Skipped tests (136) ═════════════════════════════════════════════════════════
• On CRAN (136): 'test-as_cff.R:11:3', 'test-as_cff.R:29:3',
'test-as_cff.R:49:3', 'test-as_cff.R:76:3', 'test-as_cff.R:86:3',
'test-as_cff.R:143:3', 'test-as_cff_person.R:18:3',
'test-as_cff_person.R:26:3', 'test-as_cff_person.R:33:3',
'test-as_cff_person.R:47:3', 'test-as_cff_person.R:179:3',
'test-as_cff_reference.R:19:3', 'test-as_cff_reference.R:58:3',
'test-as_cff_reference.R:90:3', 'test-as_cff_reference.R:141:3',
'test-as_cff_reference.R:180:3', 'test-as_cff_reference.R:220:3',
'test-as_cff_reference.R:261:3', 'test-as_cff_reference.R:298:3',
'test-as_cff_reference.R:330:3', 'test-as_cff_reference.R:359:3',
'test-as_cff_reference.R:392:3', 'test-as_cff_reference.R:427:3',
'test-as_cff_reference.R:462:3', 'test-as_cff_reference.R:490:3',
'test-as_cff_reference.R:527:3', 'test-as_cff_reference.R:569:3',
'test-as_cff_reference.R:602:3', 'test-as_cff_reference.R:632:3',
'test-as_cff_reference.R:658:3', 'test-as_cff_reference.R:692:3',
'test-as_cff_reference.R:730:3', 'test-as_cff_reference.R:753:3',
'test-as_cff_reference.R:777:3', 'test-cff.R:2:3', 'test-cff.R:23:3',
'test-cff.R:51:3', 'test-cff.R:65:3', 'test-cff.R:87:3', 'test-cff.R:98:3',
'test-as_bibentry.R:66:3', 'test-as_bibentry.R:70:3',
'test-as_bibentry.R:121:3', 'test-as_bibentry.R:137:3',
'test-cff_gha_update.R:2:3', 'test-cff_modify.R:6:3', 'test-cff_read.R:2:3',
'test-cff_read.R:10:3', 'test-cff_read.R:24:3', 'test-cff_read.R:71:3',
'test-cff_read.R:100:3', 'test-cff_read.R:247:3',
'test-cff_read_bib_text.R:4:3', 'test-cff_read_bib_text.R:35:3',
'test-cff_validate.R:8:3', 'test-cff_validate.R:30:3',
'test-cff_write.R:13:3', 'test-cff_write.R:39:3', 'test-cff_write.R:62:3',
'test-cff_write.R:96:3', 'test-cff_write.R:113:3', 'test-cff_write.R:159:3',
'test-cff_write.R:173:3', 'test-cff_write.R:191:3',
'test-cff_write_misc.R:2:3', 'test-cff_write_misc.R:18:3',
'test-cff_write_misc.R:42:3', 'test-cff_write_misc.R:70:3',
'test-cff_write_misc.R:119:3', 'test-cff_write_misc.R:144:3',
'test-deprecated.R:5:3', 'test-deprecated.R:14:3', 'test-deprecated.R:22:3',
'test-deprecated.R:46:3', 'test-deprecated.R:58:3', 'test-deprecated.R:66:3',
'test-deprecated.R:73:3', 'test-deprecated.R:81:3', 'test-methods.R:24:3',
'test-methods.R:80:3', 'test-methods.R:108:3', 'test-methods.R:133:3',
'test-methods.R:148:3', 'test-methods.R:195:3', 'test-methods.R:206:3',
'test-methods.R:221:3', 'test-methods.R:247:3', 'test-mock-package.R:2:3',
'test-utils-alerts.R:16:3', 'test-utils-alerts.R:29:3',
'test-utils-alerts.R:46:3', 'test-cff_create.R:8:3',
'test-cff_create.R:14:3', 'test-cff_create.R:78:3',
'test-cff_create.R:105:3', 'test-cff_create.R:112:3',
'test-cff_create.R:206:3', 'test-cff_create.R:221:3',
'test-cff_create.R:251:3', 'test-cff_create.R:267:3',
'test-cff_create.R:292:3', 'test-cff_create.R:310:3',
'test-cff_create.R:330:3', 'test-cff_create.R:347:3',
'test-cff_create.R:365:3', 'test-cff_create.R:385:3',
'test-cff_create.R:408:3', 'test-cff_create.R:414:3',
'test-cff_create.R:510:3', 'test-utils-cff_ref.R:7:3',
'test-utils-create.R:16:5', 'test-utils-create.R:23:3',
'test-utils-persons.R:11:3', 'test-utils-persons.R:47:3',
'test-utils-persons.R:76:3', 'test-utils-persons.R:93:3',
'test-utils-persons.R:111:3', 'test-utils-persons.R:122:3',
'test-utils-persons.R:135:3', 'test-utils-persons.R:143:3',
'test-utils-schema.R:11:3', 'test-xtra-check-bibtex-ruby.R:10:3',
'test-xtra-check-bibtex-ruby.R:19:3', 'test-xtra-check-bibtex-ruby.R:28:3',
'test-xtra-check-bibtex-ruby.R:37:3', 'test-xtra-check-bibtex-ruby.R:46:3',
'test-xtra-check-bibtex-ruby.R:55:3', 'test-xtra-check-bibtex-ruby.R:64:3',
'test-xtra-check-bibtex-ruby.R:73:3', 'test-xtra-check-bibtex-ruby.R:83:3',
'test-xtra-check-bibtex-ruby.R:92:3', 'test-xtra-check-bibtex-ruby.R:101:3',
'test-xtra-check-bibtex-ruby.R:111:3', 'test-xtra-check-bibtex-ruby.R:120:3',
'test-xtra-check-bibtex-ruby.R:130:3', 'test-xtra-check-bibtex-ruby.R:139:3'
══ Failed tests ════════════════════════════════════════════════════════════════
── Failure ('test-as_cff_person.R:177:3'): Can extract comments from format ────
`pp1` (`actual`) not identical to `pp2` (`expected`).
`actual[[1]]` is length 5
`expected[[1]]` is length 4
`names(actual[[1]])`: "family-names" "given-names" "email" "orcid" "website"
`names(expected[[1]])`: "family-names" "given-names" "email" "website"
`actual[[1]]$orcid` is a character vector ('https://orcid.org/0000-0001-8457-4658')
`expected[[1]]$orcid` is absent
[ FAIL 1 | WARN 0 | SKIP 136 | PASS 327 ]
Deleting unused snapshots:
• cff_write/appendkeys.cff
• cff_write/asci_trans.cff
• cff_write/basic.cff
• cff_write/fix_extension.cff
• cff_write/new_folder.cff
• cff_write/newkeys.cff
• cff_write/noencoding.cff
• cff_write/utf8.cff
• cff_write_misc/CITAT_ION
• cff_write_misc/append.bib
• cff_write_misc/ascii.bib
• cff_write_misc/noext.bib
Error: Test failures
Execution halted
Flavor: r-devel-linux-x86_64-debian-gcc
Version: 1.1.0
Check: tests
Result: ERROR
Running 'testthat.R' [53s]
Running the tests in 'tests/testthat.R' failed.
Complete output:
> # This file is part of the standard setup for testthat.
> # It is recommended that you do not modify it.
> #
> # Where should you do additional test configuration?
> # Learn more about the roles of various files in:
> # * https://r-pkgs.org/testing-design.html#sec-tests-files-overview
> # * https://testthat.r-lib.org/articles/special-files.html
>
> library(testthat)
> library(cffr)
>
> test_check("cffr")
Starting 2 test processes
[ FAIL 1 | WARN 0 | SKIP 136 | PASS 327 ]
══ Skipped tests (136) ═════════════════════════════════════════════════════════
• On CRAN (136): 'test-as_cff.R:11:3', 'test-as_cff.R:29:3',
'test-as_cff.R:49:3', 'test-as_cff.R:76:3', 'test-as_cff.R:86:3',
'test-as_cff.R:143:3', 'test-as_cff_person.R:18:3',
'test-as_cff_person.R:26:3', 'test-as_cff_person.R:33:3',
'test-as_cff_person.R:47:3', 'test-as_cff_person.R:179:3',
'test-as_cff_reference.R:19:3', 'test-as_cff_reference.R:58:3',
'test-as_cff_reference.R:90:3', 'test-as_cff_reference.R:141:3',
'test-as_cff_reference.R:180:3', 'test-as_cff_reference.R:220:3',
'test-as_cff_reference.R:261:3', 'test-as_cff_reference.R:298:3',
'test-as_cff_reference.R:330:3', 'test-as_cff_reference.R:359:3',
'test-as_cff_reference.R:392:3', 'test-as_cff_reference.R:427:3',
'test-as_cff_reference.R:462:3', 'test-as_cff_reference.R:490:3',
'test-as_cff_reference.R:527:3', 'test-as_cff_reference.R:569:3',
'test-as_cff_reference.R:602:3', 'test-as_cff_reference.R:632:3',
'test-as_cff_reference.R:658:3', 'test-as_cff_reference.R:692:3',
'test-as_cff_reference.R:730:3', 'test-as_cff_reference.R:753:3',
'test-as_cff_reference.R:777:3', 'test-cff.R:2:3', 'test-cff.R:23:3',
'test-cff.R:51:3', 'test-cff.R:65:3', 'test-cff.R:87:3', 'test-cff.R:98:3',
'test-as_bibentry.R:66:3', 'test-as_bibentry.R:70:3',
'test-as_bibentry.R:121:3', 'test-as_bibentry.R:137:3',
'test-cff_gha_update.R:2:3', 'test-cff_modify.R:6:3', 'test-cff_read.R:2:3',
'test-cff_read.R:10:3', 'test-cff_read.R:24:3', 'test-cff_read.R:71:3',
'test-cff_read.R:100:3', 'test-cff_read.R:247:3',
'test-cff_read_bib_text.R:4:3', 'test-cff_read_bib_text.R:35:3',
'test-cff_validate.R:8:3', 'test-cff_validate.R:30:3',
'test-cff_write.R:13:3', 'test-cff_write.R:39:3', 'test-cff_write.R:62:3',
'test-cff_write.R:96:3', 'test-cff_write.R:113:3', 'test-cff_write.R:159:3',
'test-cff_write.R:173:3', 'test-cff_write.R:191:3',
'test-cff_write_misc.R:2:3', 'test-cff_write_misc.R:18:3',
'test-cff_write_misc.R:42:3', 'test-cff_write_misc.R:70:3',
'test-cff_write_misc.R:119:3', 'test-cff_write_misc.R:144:3',
'test-deprecated.R:5:3', 'test-deprecated.R:14:3', 'test-deprecated.R:22:3',
'test-deprecated.R:46:3', 'test-deprecated.R:58:3', 'test-deprecated.R:66:3',
'test-deprecated.R:73:3', 'test-deprecated.R:81:3', 'test-cff_create.R:8:3',
'test-cff_create.R:14:3', 'test-cff_create.R:78:3',
'test-cff_create.R:105:3', 'test-cff_create.R:112:3',
'test-cff_create.R:206:3', 'test-cff_create.R:221:3',
'test-cff_create.R:251:3', 'test-cff_create.R:267:3',
'test-cff_create.R:292:3', 'test-cff_create.R:310:3',
'test-cff_create.R:330:3', 'test-cff_create.R:347:3',
'test-cff_create.R:365:3', 'test-cff_create.R:385:3',
'test-cff_create.R:408:3', 'test-cff_create.R:414:3',
'test-cff_create.R:510:3', 'test-mock-package.R:2:3', 'test-methods.R:24:3',
'test-methods.R:80:3', 'test-methods.R:108:3', 'test-methods.R:133:3',
'test-methods.R:148:3', 'test-methods.R:195:3', 'test-methods.R:206:3',
'test-methods.R:221:3', 'test-methods.R:247:3', 'test-utils-alerts.R:16:3',
'test-utils-alerts.R:29:3', 'test-utils-alerts.R:46:3',
'test-utils-cff_ref.R:7:3', 'test-utils-create.R:16:5',
'test-utils-create.R:23:3', 'test-utils-persons.R:11:3',
'test-utils-persons.R:47:3', 'test-utils-persons.R:76:3',
'test-utils-persons.R:93:3', 'test-utils-persons.R:111:3',
'test-utils-persons.R:122:3', 'test-utils-persons.R:135:3',
'test-utils-persons.R:143:3', 'test-utils-schema.R:11:3',
'test-xtra-check-bibtex-ruby.R:10:3', 'test-xtra-check-bibtex-ruby.R:19:3',
'test-xtra-check-bibtex-ruby.R:28:3', 'test-xtra-check-bibtex-ruby.R:37:3',
'test-xtra-check-bibtex-ruby.R:46:3', 'test-xtra-check-bibtex-ruby.R:55:3',
'test-xtra-check-bibtex-ruby.R:64:3', 'test-xtra-check-bibtex-ruby.R:73:3',
'test-xtra-check-bibtex-ruby.R:83:3', 'test-xtra-check-bibtex-ruby.R:92:3',
'test-xtra-check-bibtex-ruby.R:101:3', 'test-xtra-check-bibtex-ruby.R:111:3',
'test-xtra-check-bibtex-ruby.R:120:3', 'test-xtra-check-bibtex-ruby.R:130:3',
'test-xtra-check-bibtex-ruby.R:139:3'
══ Failed tests ════════════════════════════════════════════════════════════════
── Failure ('test-as_cff_person.R:177:3'): Can extract comments from format ────
`pp1` (`actual`) not identical to `pp2` (`expected`).
`actual[[1]]` is length 5
`expected[[1]]` is length 4
`names(actual[[1]])`: "family-names" "given-names" "email" "orcid" "website"
`names(expected[[1]])`: "family-names" "given-names" "email" "website"
`actual[[1]]$orcid` is a character vector ('https://orcid.org/0000-0001-8457-4658')
`expected[[1]]$orcid` is absent
[ FAIL 1 | WARN 0 | SKIP 136 | PASS 327 ]
Deleting unused snapshots:
• cff_write/appendkeys.cff
• cff_write/asci_trans.cff
• cff_write/basic.cff
• cff_write/fix_extension.cff
• cff_write/new_folder.cff
• cff_write/newkeys.cff
• cff_write/noencoding.cff
• cff_write/utf8.cff
• cff_write_misc/CITAT_ION
• cff_write_misc/append.bib
• cff_write_misc/ascii.bib
• cff_write_misc/noext.bib
Error: Test failures
Execution halted
Flavor: r-devel-windows-x86_64