Last updated on 2025-02-04 05:50:15 CET.
Flavor | Version | Tinstall | Tcheck | Ttotal | Status | Flags |
---|---|---|---|---|---|---|
r-devel-linux-x86_64-debian-clang | 1.1.0 | 2.35 | 28.26 | 30.61 | OK | |
r-devel-linux-x86_64-debian-gcc | 1.1.0 | 1.81 | 22.45 | 24.26 | OK | |
r-devel-linux-x86_64-fedora-clang | 1.1.0 | 51.90 | OK | |||
r-devel-linux-x86_64-fedora-gcc | 1.1.0 | 61.86 | OK | |||
r-devel-windows-x86_64 | 1.1.0 | 4.00 | 52.00 | 56.00 | OK | |
r-patched-linux-x86_64 | 1.1.0 | 2.53 | 26.85 | 29.38 | NOTE | |
r-release-linux-x86_64 | 1.1.0 | 2.18 | 26.91 | 29.09 | NOTE | |
r-release-macos-arm64 | 1.1.0 | 25.00 | NOTE | |||
r-release-macos-x86_64 | 1.1.0 | 36.00 | NOTE | |||
r-release-windows-x86_64 | 1.1.0 | 4.00 | 52.00 | 56.00 | NOTE | |
r-oldrel-macos-arm64 | 1.1.0 | 26.00 | NOTE | |||
r-oldrel-macos-x86_64 | 1.1.0 | 36.00 | NOTE | |||
r-oldrel-windows-x86_64 | 1.1.0 | 5.00 | 54.00 | 59.00 | NOTE |
Version: 1.1.0
Check: LazyData
Result: NOTE
'LazyData' is specified without a 'data' directory
Flavors: r-patched-linux-x86_64, r-release-linux-x86_64, r-release-macos-arm64, r-release-macos-x86_64, r-release-windows-x86_64, r-oldrel-macos-arm64, r-oldrel-macos-x86_64, r-oldrel-windows-x86_64