Last updated on 2024-08-17 05:49:17 CEST.
Flavor | Version | Tinstall | Tcheck | Ttotal | Status | Flags |
---|---|---|---|---|---|---|
r-devel-linux-x86_64-debian-clang | 1.2.0 | 3.16 | 157.92 | 161.08 | NOTE | |
r-devel-linux-x86_64-debian-gcc | 1.2.0 | 2.09 | 105.39 | 107.48 | NOTE | |
r-devel-linux-x86_64-fedora-clang | 1.2.0 | 255.92 | NOTE | |||
r-devel-linux-x86_64-fedora-gcc | 1.2.0 | 262.18 | NOTE | |||
r-devel-windows-x86_64 | 1.2.0 | 5.00 | 145.00 | 150.00 | NOTE | |
r-patched-linux-x86_64 | 1.2.0 | 3.14 | 149.36 | 152.50 | NOTE | |
r-release-linux-x86_64 | 1.2.0 | 2.07 | 153.53 | 155.60 | NOTE | |
r-release-macos-arm64 | 1.2.0 | 80.00 | NOTE | |||
r-release-macos-x86_64 | 1.2.0 | 213.00 | NOTE | |||
r-release-windows-x86_64 | 1.2.0 | 6.00 | 146.00 | 152.00 | NOTE | |
r-oldrel-macos-arm64 | 1.2.0 | 84.00 | NOTE | |||
r-oldrel-macos-x86_64 | 1.2.0 | 141.00 | NOTE | |||
r-oldrel-windows-x86_64 | 1.2.0 | 6.00 | 203.00 | 209.00 | NOTE |
Version: 1.2.0
Check: package subdirectories
Result: NOTE
Problems with news in ‘NEWS.md’:
No news entries found.
Flavors: r-devel-linux-x86_64-debian-clang, r-devel-linux-x86_64-debian-gcc, r-devel-linux-x86_64-fedora-clang, r-devel-linux-x86_64-fedora-gcc, r-devel-windows-x86_64, r-patched-linux-x86_64, r-release-linux-x86_64, r-release-macos-arm64, r-release-macos-x86_64, r-release-windows-x86_64, r-oldrel-macos-arm64, r-oldrel-macos-x86_64, r-oldrel-windows-x86_64