Last updated on 2024-08-17 05:49:17 CEST.
Flavor | Version | Tinstall | Tcheck | Ttotal | Status | Flags |
---|---|---|---|---|---|---|
r-devel-linux-x86_64-debian-clang | 2.0.1 | 486.02 | 144.36 | 630.38 | OK | |
r-devel-linux-x86_64-debian-gcc | 2.0.1 | 418.47 | 167.92 | 586.39 | OK | |
r-devel-linux-x86_64-fedora-clang | 2.0.1 | 1036.77 | OK | |||
r-devel-linux-x86_64-fedora-gcc | 2.0.1 | 1415.51 | OK | |||
r-devel-windows-x86_64 | 2.0.1 | 471.00 | 237.00 | 708.00 | NOTE | |
r-patched-linux-x86_64 | 2.0.1 | 551.44 | 213.10 | 764.54 | OK | |
r-release-linux-x86_64 | 2.0.1 | 570.12 | 216.39 | 786.51 | OK | |
r-release-macos-arm64 | 2.0.1 | 267.00 | NOTE | |||
r-release-macos-x86_64 | 2.0.1 | 344.00 | NOTE | |||
r-release-windows-x86_64 | 2.0.1 | 470.00 | 235.00 | 705.00 | NOTE | |
r-oldrel-macos-arm64 | 2.0.1 | 295.00 | NOTE | |||
r-oldrel-macos-x86_64 | 2.0.1 | 333.00 | NOTE | |||
r-oldrel-windows-x86_64 | 2.0.1 | 631.00 | 289.00 | 920.00 | NOTE |
Version: 2.0.1
Check: installed package size
Result: NOTE
installed size is 5.1Mb
sub-directories of 1Mb or more:
libs 2.8Mb
Flavors: r-devel-windows-x86_64, r-release-macos-arm64, r-release-macos-x86_64, r-release-windows-x86_64, r-oldrel-macos-arm64, r-oldrel-macos-x86_64, r-oldrel-windows-x86_64