CRAN Package Check Results for Package bunching

Last updated on 2025-02-10 03:49:14 CET.

Flavor Version Tinstall Tcheck Ttotal Status Flags
r-devel-linux-x86_64-debian-clang 0.8.6 6.90 181.07 187.97 OK
r-devel-linux-x86_64-debian-gcc 0.8.6 4.87 124.12 128.99 OK
r-devel-linux-x86_64-fedora-clang 0.8.6 307.22 OK
r-devel-linux-x86_64-fedora-gcc 0.8.6 297.18 OK
r-devel-windows-x86_64 0.8.6 8.00 256.00 264.00 OK
r-patched-linux-x86_64 0.8.6 6.09 169.93 176.02 OK
r-release-linux-x86_64 0.8.6 6.22 167.93 174.15 OK
r-release-macos-arm64 0.8.6 102.00 ERROR
r-release-macos-x86_64 0.8.6 144.00 OK
r-release-windows-x86_64 0.8.6 7.00 254.00 261.00 OK
r-oldrel-macos-arm64 0.8.6 93.00 ERROR
r-oldrel-macos-x86_64 0.8.6 136.00 OK
r-oldrel-windows-x86_64 0.8.6 9.00 272.00 281.00 OK

Check Details

Version: 0.8.6
Check: re-building of vignette outputs
Result: ERROR Error(s) in re-building vignettes: --- re-building ‘bunching_examples.Rmd’ using rmarkdown ! kpathsea: Running mktexpk --mfmode / --bdpi 600 --mag 1+0/600 --dpi 600 bbm10 ! mkdir: ././opt/tex/texmf-var/fonts/pk/ljfour/public: Permission denied ! mktexpk: /opt/tex/texmf-dist/web2c/mktexdir /opt/tex/texmf-var/fonts/pk/ljfour/public/bbm failed. ! kpathsea: Appending font creation commands to missfont.log. Error: processing vignette 'bunching_examples.Rmd' failed with diagnostics: LaTeX failed to compile /Volumes/Builds/packages/big-sur-arm64/results/4.4/bunching.Rcheck/vign_test/bunching/vignettes/bunching_examples.tex. See https://yihui.org/tinytex/r/#debugging for debugging tips. See bunching_examples.log for more info. --- failed re-building ‘bunching_examples.Rmd’ --- re-building ‘bunching_theory.Rmd’ using rmarkdown ! kpathsea: Running mktexpk --mfmode / --bdpi 600 --mag 1+0/600 --dpi 600 bbm10 ! mkdir: ././opt/tex/texmf-var/fonts/pk/ljfour/public: Permission denied ! mktexpk: /opt/tex/texmf-dist/web2c/mktexdir /opt/tex/texmf-var/fonts/pk/ljfour/public/bbm failed. ! kpathsea: Appending font creation commands to missfont.log. Error: processing vignette 'bunching_theory.Rmd' failed with diagnostics: LaTeX failed to compile /Volumes/Builds/packages/big-sur-arm64/results/4.4/bunching.Rcheck/vign_test/bunching/vignettes/bunching_theory.tex. See https://yihui.org/tinytex/r/#debugging for debugging tips. See bunching_theory.log for more info. --- failed re-building ‘bunching_theory.Rmd’ SUMMARY: processing the following files failed: ‘bunching_examples.Rmd’ ‘bunching_theory.Rmd’ Error: Vignette re-building failed. Execution halted Flavor: r-release-macos-arm64

Version: 0.8.6
Check: re-building of vignette outputs
Result: ERROR Error(s) in re-building vignettes: --- re-building ‘bunching_examples.Rmd’ using rmarkdown ! kpathsea: Running mktexpk --mfmode / --bdpi 600 --mag 1+0/600 --dpi 600 bbm10 ! mkdir: ././opt/tex/texmf-var/fonts/pk/ljfour/public: Permission denied ! mktexpk: /opt/tex/texmf-dist/web2c/mktexdir /opt/tex/texmf-var/fonts/pk/ljfour/public/bbm failed. ! kpathsea: Appending font creation commands to missfont.log. Error: processing vignette 'bunching_examples.Rmd' failed with diagnostics: LaTeX failed to compile /Volumes/Builds/packages/big-sur-arm64/results/4.3/bunching.Rcheck/vign_test/bunching/vignettes/bunching_examples.tex. See https://yihui.org/tinytex/r/#debugging for debugging tips. See bunching_examples.log for more info. --- failed re-building ‘bunching_examples.Rmd’ --- re-building ‘bunching_theory.Rmd’ using rmarkdown ! kpathsea: Running mktexpk --mfmode / --bdpi 600 --mag 1+0/600 --dpi 600 bbm10 ! mkdir: ././opt/tex/texmf-var/fonts/pk/ljfour/public: Permission denied ! mktexpk: /opt/tex/texmf-dist/web2c/mktexdir /opt/tex/texmf-var/fonts/pk/ljfour/public/bbm failed. ! kpathsea: Appending font creation commands to missfont.log. Error: processing vignette 'bunching_theory.Rmd' failed with diagnostics: LaTeX failed to compile /Volumes/Builds/packages/big-sur-arm64/results/4.3/bunching.Rcheck/vign_test/bunching/vignettes/bunching_theory.tex. See https://yihui.org/tinytex/r/#debugging for debugging tips. See bunching_theory.log for more info. --- failed re-building ‘bunching_theory.Rmd’ SUMMARY: processing the following files failed: ‘bunching_examples.Rmd’ ‘bunching_theory.Rmd’ Error: Vignette re-building failed. Execution halted Flavor: r-oldrel-macos-arm64